{"version":"1.0","provider_name":"LUMINESCIENCES : le blog de Jean-Pierre LUMINET, astrophysicien","provider_url":"https:\/\/blogs.futura-sciences.com\/luminet","author_name":"Jean-Pierre LUMINET","author_url":"https:\/\/blogs.futura-sciences.com\/luminet\/author\/jpluminet\/","title":"L'ann\u00e9e de la confusion, par Jean-Pierre Luminet","type":"rich","width":600,"height":338,"html":"<blockquote class=\"wp-embedded-content\" data-secret=\"6jH2U0gtsQ\"><a href=\"https:\/\/blogs.futura-sciences.com\/luminet\/2018\/12\/31\/lannee-de-la-confusion\/\">L&#8217;ann\u00e9e de la confusion<\/a><\/blockquote><iframe sandbox=\"allow-scripts\" security=\"restricted\" src=\"https:\/\/blogs.futura-sciences.com\/luminet\/2018\/12\/31\/lannee-de-la-confusion\/embed\/#?secret=6jH2U0gtsQ\" width=\"600\" height=\"338\" title=\"\u00ab\u00a0L&#8217;ann\u00e9e de la confusion\u00a0\u00bb &#8212; LUMINESCIENCES : le blog de Jean-Pierre LUMINET, astrophysicien\" data-secret=\"6jH2U0gtsQ\" frameborder=\"0\" marginwidth=\"0\" marginheight=\"0\" scrolling=\"no\" class=\"wp-embedded-content\"><\/iframe><script>\n\/*! This file is auto-generated *\/\n!function(d,l){\"use strict\";l.querySelector&&d.addEventListener&&\"undefined\"!=typeof URL&&(d.wp=d.wp||{},d.wp.receiveEmbedMessage||(d.wp.receiveEmbedMessage=function(e){var t=e.data;if((t||t.secret||t.message||t.value)&&!\/[^a-zA-Z0-9]\/.test(t.secret)){for(var s,r,n,a=l.querySelectorAll('iframe[data-secret=\"'+t.secret+'\"]'),o=l.querySelectorAll('blockquote[data-secret=\"'+t.secret+'\"]'),c=new RegExp(\"^https?:$\",\"i\"),i=0;i<o.length;i++)o[i].style.display=\"none\";for(i=0;i<a.length;i++)s=a[i],e.source===s.contentWindow&&(s.removeAttribute(\"style\"),\"height\"===t.message?(1e3<(r=parseInt(t.value,10))?r=1e3:~~r<200&&(r=200),s.height=r):\"link\"===t.message&&(r=new URL(s.getAttribute(\"src\")),n=new URL(t.value),c.test(n.protocol))&&n.host===r.host&&l.activeElement===s&&(d.top.location.href=t.value))}},d.addEventListener(\"message\",d.wp.receiveEmbedMessage,!1),l.addEventListener(\"DOMContentLoaded\",function(){for(var e,t,s=l.querySelectorAll(\"iframe.wp-embedded-content\"),r=0;r<s.length;r++)(t=(e=s[r]).getAttribute(\"data-secret\"))||(t=Math.random().toString(36).substring(2,12),e.src+=\"#?secret=\"+t,e.setAttribute(\"data-secret\",t)),e.contentWindow.postMessage({message:\"ready\",secret:t},\"*\")},!1)))}(window,document);\n<\/script>\n","thumbnail_url":"https:\/\/blogs.futura-sciences.com\/luminet\/wp-content\/uploads\/sites\/2\/2018\/12\/calendrier-julien-002.jpg","thumbnail_width":600,"thumbnail_height":314,"description":"Selon le dictionnaire, le mot \u00ab\u00a0confusion\u00a0\u00bb d\u00e9signe une situation embrouill\u00e9e. Il a pour synonymes \u00ab\u00a0d\u00e9sordre\u00a0\u00bb, \u00ab\u00a0trouble\u00a0\u00bb. Vous pensez probablement que l\u2019ann\u00e9e 2018 qui s\u2019ach\u00e8ve, avec ses gilets jaunes, sa Macronie en d\u00e9route, ses errements de Brexit, ses guerres commerciales, ses fantaisies trumpiennes et autres prolif\u00e9rations de moustiques, semble toute d\u00e9sign\u00e9e pour faire l\u2019objet du pr\u00e9sent &hellip; Continuer la lecture de  &rarr;"}

L'année de la confusion, par Jean-Pierre Luminet

<blockquote class="wp-embedded-content" data-secret="6jH2U0gtsQ"><a href="https://blogs.futura-sciences.com/luminet/2018/12/31/lannee-de-la-confusion/">L&#8217;année de la confusion</a></blockquote><iframe sandbox="allow-scripts" security="restricted" src="https://blogs.futura-sciences.com/luminet/2018/12/31/lannee-de-la-confusion/embed/#?secret=6jH2U0gtsQ" width="600" height="338" title="« L&#8217;année de la confusion » &#8212; LUMINESCIENCES : le blog de Jean-Pierre LUMINET, astrophysicien" data-secret="6jH2U0gtsQ" frameborder="0" marginwidth="0" marginheight="0" scrolling="no" class="wp-embedded-content"></iframe><script>
/*! This file is auto-generated */
!function(d,l){"use strict";l.querySelector&&d.addEventListener&&"undefined"!=typeof URL&&(d.wp=d.wp||{},d.wp.receiveEmbedMessage||(d.wp.receiveEmbedMessage=function(e){var t=e.data;if((t||t.secret||t.message||t.value)&&!/[^a-zA-Z0-9]/.test(t.secret)){for(var s,r,n,a=l.querySelectorAll('iframe[data-secret="'+t.secret+'"]'),o=l.querySelectorAll('blockquote[data-secret="'+t.secret+'"]'),c=new RegExp("^https?:$","i"),i=0;i<o.length;i++)o[i].style.display="none";for(i=0;i<a.length;i++)s=a[i],e.source===s.contentWindow&&(s.removeAttribute("style"),"height"===t.message?(1e3<(r=parseInt(t.value,10))?r=1e3:~~r<200&&(r=200),s.height=r):"link"===t.message&&(r=new URL(s.getAttribute("src")),n=new URL(t.value),c.test(n.protocol))&&n.host===r.host&&l.activeElement===s&&(d.top.location.href=t.value))}},d.addEventListener("message",d.wp.receiveEmbedMessage,!1),l.addEventListener("DOMContentLoaded",function(){for(var e,t,s=l.querySelectorAll("iframe.wp-embedded-content"),r=0;r<s.length;r++)(t=(e=s[r]).getAttribute("data-secret"))||(t=Math.random().toString(36).substring(2,12),e.src+="#?secret="+t,e.setAttribute("data-secret",t)),e.contentWindow.postMessage({message:"ready",secret:t},"*")},!1)))}(window,document);
</script>

Selon le dictionnaire, le mot « confusion » désigne une situation embrouillée. Il a pour synonymes « désordre », « trouble ». Vous pensez probablement que l’année 2018 qui s’achève, avec ses gilets jaunes, sa Macronie en déroute, ses errements de Brexit, ses guerres commerciales, ses fantaisies trumpiennes et autres proliférations de moustiques, semble toute désignée pour faire l’objet du présent &hellip; Continuer la lecture de  &rarr;
