{"id":10,"date":"2018-02-08T12:02:51","date_gmt":"2018-02-08T11:02:51","guid":{"rendered":"https:\/\/blogs.futura-sciences.com\/lehning\/?page_id=10"},"modified":"2018-02-08T12:02:51","modified_gmt":"2018-02-08T11:02:51","slug":"qui-suis-je","status":"publish","type":"page","link":"https:\/\/blogs.futura-sciences.com\/lehning\/qui-suis-je\/","title":{"rendered":"Qui suis-je ?"},"content":{"rendered":"<p>Fils de militaire de carri\u00e8re, mon enfance fut itin\u00e9rante. Sans le chercher, je suivis le trajet de la migration automnale des cigognes, du nord-est de la France \u00e0 l\u2019Afrique en passant par l\u2019Aquitaine. Je me suis alors pos\u00e9 dans le midi de la France pour commencer mes \u00e9tudes secondaires, \u00e0 l\u2019\u00e9cole militaire pr\u00e9paratoire d\u2019Aix-en-Provence, une institution cr\u00e9\u00e9e pour aider les militaires \u00e0 \u00e9lever leurs (souvent nombreux) enfants. Outre les math\u00e9matiques et autres mati\u00e8res scolaires, j\u2019y ai appris l\u2019escalade en grimpant la montagne Sainte-Victoire et la photographie mais n\u2019ai jamais r\u00e9ussi \u00e0 ma\u00eetriser l\u2019art de marcher au pas. L\u2019amour de la montagne et de l\u2019escalade m\u2019est rest\u00e9 pour la vie. Alors que j\u2019\u00e9tais en cinqui\u00e8me, je r\u00e9alisai que ma compagnie comptait un nombre premier d\u2019\u00e9l\u00e8ves et qu\u2019en ajoutant les quatre militaires qui nous encadraient, ce nombre restait premier. Voici la photo montrant cette occurrence rare.<\/p>\n<p><img loading=\"lazy\" decoding=\"async\" class=\"aligncenter size-medium wp-image-11\" src=\"https:\/\/blogs.futura-sciences.com\/lehning\/wp-content\/uploads\/sites\/13\/2018\/02\/HL-qui-suis-je-011-300x167.jpg\" alt=\"\" width=\"300\" height=\"167\" srcset=\"https:\/\/blogs.futura-sciences.com\/lehning\/wp-content\/uploads\/sites\/13\/2018\/02\/HL-qui-suis-je-011-300x167.jpg 300w, https:\/\/blogs.futura-sciences.com\/lehning\/wp-content\/uploads\/sites\/13\/2018\/02\/HL-qui-suis-je-011-768x428.jpg 768w, https:\/\/blogs.futura-sciences.com\/lehning\/wp-content\/uploads\/sites\/13\/2018\/02\/HL-qui-suis-je-011-672x372.jpg 672w, https:\/\/blogs.futura-sciences.com\/lehning\/wp-content\/uploads\/sites\/13\/2018\/02\/HL-qui-suis-je-011.jpg 847w\" sizes=\"auto, (max-width: 300px) 100vw, 300px\" \/>\u00a0M\u2019y trouverez-vous\u00a0? Pour vous aider, me voici seul, dans la m\u00eame chemise d\u2019uniforme chez ma tante Linda, en d\u00e9cembre 1961 \u00e0 Alger.<\/p>\n<p><img loading=\"lazy\" decoding=\"async\" class=\"aligncenter size-medium wp-image-12\" src=\"https:\/\/blogs.futura-sciences.com\/lehning\/wp-content\/uploads\/sites\/13\/2018\/02\/HL-qui-suis-je-02-300x225.png\" alt=\"\" width=\"300\" height=\"225\" srcset=\"https:\/\/blogs.futura-sciences.com\/lehning\/wp-content\/uploads\/sites\/13\/2018\/02\/HL-qui-suis-je-02-300x225.png 300w, https:\/\/blogs.futura-sciences.com\/lehning\/wp-content\/uploads\/sites\/13\/2018\/02\/HL-qui-suis-je-02.png 472w\" sizes=\"auto, (max-width: 300px) 100vw, 300px\" \/><\/p>\n<p>Arriv\u00e9 \u00e0 la fin de mes \u00e9tudes secondaires, au lieu de donner des petits cours de math\u00e9matiques comme mes camarades, j\u2019ai choisi de gagner mon argent de poche en travaillant dans l\u2019informatique. La demande y \u00e9tait forte \u00e0 cette \u00e9poque o\u00f9 une grande partie du personnel en place \u00e9tait d\u00e9pass\u00e9 par le passage des tabulatrices aux ordinateurs, c\u2019est-\u00e0-dire de la programmation par cordons qu\u2019on enfiche \u00e0 la programmation en langages \u00e9volu\u00e9s comme le Cobol ou le Fortran. Pendant les vacances scolaires, j\u2019occupais ainsi successivement les postes d\u2019op\u00e9rateur, de pupitreur puis d\u2019analyste-programmeur.<\/p>\n<p>Comme vous pouvez le lire dans ma <a href=\"https:\/\/www.futura-sciences.com\/sciences\/personnalites\/sciences-herve-lehning-1364\/\">bio sur Futura<\/a>, apr\u00e8s cette enfance militaire et informaticienne, je finis normalien, agr\u00e9g\u00e9 de math\u00e9matiques et titulaire d\u2019une ma\u00eetrise d\u2019histoire des religions. Malgr\u00e9 mon penchant prononc\u00e9 pour les sciences et les math\u00e9matiques, j\u2019\u00e9tais d\u00e9j\u00e0 curieux des civilisations et des langues anciennes.<\/p>\n<p>Ma carri\u00e8re professionnelle a d\u00e9but\u00e9 \u00e0 l\u2019\u00e9cole nationale d\u2019ing\u00e9nieurs de Tunis, o\u00f9 j\u2019ai eu \u00e0 enseigner math\u00e9matiques et informatique et \u00e0 g\u00e9rer plusieurs centaines d\u2019\u00e9tudiants et douze assistants pour la plupart russes, la Tunisie ayant alors un accord de coop\u00e9ration avec feue l\u2019Union Sovi\u00e9tique. Au retour en France, j\u2019ai continu\u00e9 une carri\u00e8re d\u2019enseignant de math\u00e9matiques et l\u2019informatique dans le syst\u00e8me des Grandes \u00c9coles en parall\u00e8le avec l\u2019\u00e9criture d\u2019ouvrages. Ce travail m\u2019a permis de voyager un peu partout dans le monde et d\u2019y d\u00e9couvrir en particulier d\u2019autres cultures, en particulier celle des aborig\u00e8nes et leur \u00e9tonnante r\u00e8gle des mariages.<\/p>\n<!-- AddThis Advanced Settings generic via filter on the_content --><!-- AddThis Share Buttons generic via filter on the_content -->","protected":false},"excerpt":{"rendered":"<p>Fils de militaire de carri\u00e8re, mon enfance fut itin\u00e9rante. Sans le chercher, je suivis le trajet de la migration automnale des cigognes, du nord-est de la France \u00e0 l\u2019Afrique en passant par l\u2019Aquitaine. Je me suis alors pos\u00e9 dans le midi de la France pour commencer mes \u00e9tudes secondaires, \u00e0 l\u2019\u00e9cole militaire pr\u00e9paratoire d\u2019Aix-en-Provence, une &hellip; <a href=\"https:\/\/blogs.futura-sciences.com\/lehning\/qui-suis-je\/\" class=\"more-link\">Continuer la lecture de <span class=\"screen-reader-text\">Qui suis-je ?<\/span>  <span class=\"meta-nav\">&rarr;<\/span><\/a><!-- AddThis Advanced Settings generic via filter on get_the_excerpt --><!-- AddThis Share Buttons generic via filter on get_the_excerpt --><\/p>\n","protected":false},"author":1,"featured_media":0,"parent":0,"menu_order":0,"comment_status":"closed","ping_status":"closed","template":"","meta":{"footnotes":"","_links_to":"","_links_to_target":""},"class_list":["post-10","page","type-page","status-publish","hentry"],"yoast_head":"<!-- This site is optimized with the Yoast SEO plugin v24.1 - https:\/\/yoast.com\/wordpress\/plugins\/seo\/ -->\n<title>Qui suis-je ? - MATH&#039;MONDE, le blog d&#039;Herv\u00e9 LEHNING, agr\u00e9g\u00e9 de math\u00e9matiques<\/title>\n<meta name=\"robots\" content=\"index, follow, max-snippet:-1, max-image-preview:large, max-video-preview:-1\" \/>\n<link rel=\"canonical\" href=\"https:\/\/blogs.futura-sciences.com\/lehning\/qui-suis-je\/\" \/>\n<meta property=\"og:locale\" content=\"fr_FR\" \/>\n<meta property=\"og:type\" content=\"article\" \/>\n<meta property=\"og:title\" content=\"Qui suis-je ? - MATH&#039;MONDE, le blog d&#039;Herv\u00e9 LEHNING, agr\u00e9g\u00e9 de math\u00e9matiques\" \/>\n<meta property=\"og:description\" content=\"Fils de militaire de carri\u00e8re, mon enfance fut itin\u00e9rante. Sans le chercher, je suivis le trajet de la migration automnale des cigognes, du nord-est de la France \u00e0 l\u2019Afrique en passant par l\u2019Aquitaine. Je me suis alors pos\u00e9 dans le midi de la France pour commencer mes \u00e9tudes secondaires, \u00e0 l\u2019\u00e9cole militaire pr\u00e9paratoire d\u2019Aix-en-Provence, une &hellip; Continuer la lecture de Qui suis-je ? &rarr;\" \/>\n<meta property=\"og:url\" content=\"https:\/\/blogs.futura-sciences.com\/lehning\/qui-suis-je\/\" \/>\n<meta property=\"og:site_name\" content=\"MATH&#039;MONDE, le blog d&#039;Herv\u00e9 LEHNING, agr\u00e9g\u00e9 de math\u00e9matiques\" \/>\n<meta property=\"og:image\" content=\"https:\/\/blogs.futura-sciences.com\/lehning\/wp-content\/uploads\/sites\/13\/2018\/02\/HL-qui-suis-je-011-300x167.jpg\" \/>\n<meta name=\"twitter:card\" content=\"summary_large_image\" \/>\n<meta name=\"twitter:label1\" content=\"Dur\u00e9e de lecture estim\u00e9e\" \/>\n\t<meta name=\"twitter:data1\" content=\"2 minutes\" \/>\n<script type=\"application\/ld+json\" class=\"yoast-schema-graph\">{\"@context\":\"https:\/\/schema.org\",\"@graph\":[{\"@type\":\"WebPage\",\"@id\":\"https:\/\/blogs.futura-sciences.com\/lehning\/qui-suis-je\/\",\"url\":\"https:\/\/blogs.futura-sciences.com\/lehning\/qui-suis-je\/\",\"name\":\"Qui suis-je ? - MATH&#039;MONDE, le blog d&#039;Herv\u00e9 LEHNING, agr\u00e9g\u00e9 de math\u00e9matiques\",\"isPartOf\":{\"@id\":\"https:\/\/blogs.futura-sciences.com\/lehning\/#website\"},\"primaryImageOfPage\":{\"@id\":\"https:\/\/blogs.futura-sciences.com\/lehning\/qui-suis-je\/#primaryimage\"},\"image\":{\"@id\":\"https:\/\/blogs.futura-sciences.com\/lehning\/qui-suis-je\/#primaryimage\"},\"thumbnailUrl\":\"https:\/\/blogs.futura-sciences.com\/lehning\/wp-content\/uploads\/sites\/13\/2018\/02\/HL-qui-suis-je-011-300x167.jpg\",\"datePublished\":\"2018-02-08T11:02:51+00:00\",\"dateModified\":\"2018-02-08T11:02:51+00:00\",\"breadcrumb\":{\"@id\":\"https:\/\/blogs.futura-sciences.com\/lehning\/qui-suis-je\/#breadcrumb\"},\"inLanguage\":\"fr-FR\",\"potentialAction\":[{\"@type\":\"ReadAction\",\"target\":[\"https:\/\/blogs.futura-sciences.com\/lehning\/qui-suis-je\/\"]}]},{\"@type\":\"ImageObject\",\"inLanguage\":\"fr-FR\",\"@id\":\"https:\/\/blogs.futura-sciences.com\/lehning\/qui-suis-je\/#primaryimage\",\"url\":\"https:\/\/blogs.futura-sciences.com\/lehning\/wp-content\/uploads\/sites\/13\/2018\/02\/HL-qui-suis-je-011.jpg\",\"contentUrl\":\"https:\/\/blogs.futura-sciences.com\/lehning\/wp-content\/uploads\/sites\/13\/2018\/02\/HL-qui-suis-je-011.jpg\",\"width\":847,\"height\":472},{\"@type\":\"BreadcrumbList\",\"@id\":\"https:\/\/blogs.futura-sciences.com\/lehning\/qui-suis-je\/#breadcrumb\",\"itemListElement\":[{\"@type\":\"ListItem\",\"position\":1,\"name\":\"Accueil\",\"item\":\"https:\/\/blogs.futura-sciences.com\/lehning\/\"},{\"@type\":\"ListItem\",\"position\":2,\"name\":\"Qui suis-je ?\"}]},{\"@type\":\"WebSite\",\"@id\":\"https:\/\/blogs.futura-sciences.com\/lehning\/#website\",\"url\":\"https:\/\/blogs.futura-sciences.com\/lehning\/\",\"name\":\"MATH&#039;MONDE, le blog d&#039;Herv\u00e9 LEHNING, agr\u00e9g\u00e9 de math\u00e9matiques\",\"description\":\"Comment comprendre le monde moderne sans culture math\u00e9matique ? Acc\u00e9der \u00e0 celle-ci n\u2019exige cependant pas d\u2019apprendre \u00e0 r\u00e9soudre la moindre \u00e9quation.\",\"potentialAction\":[{\"@type\":\"SearchAction\",\"target\":{\"@type\":\"EntryPoint\",\"urlTemplate\":\"https:\/\/blogs.futura-sciences.com\/lehning\/?s={search_term_string}\"},\"query-input\":{\"@type\":\"PropertyValueSpecification\",\"valueRequired\":true,\"valueName\":\"search_term_string\"}}],\"inLanguage\":\"fr-FR\"}]}<\/script>\n<!-- \/ Yoast SEO plugin. -->","yoast_head_json":{"title":"Qui suis-je ? - MATH&#039;MONDE, le blog d&#039;Herv\u00e9 LEHNING, agr\u00e9g\u00e9 de math\u00e9matiques","robots":{"index":"index","follow":"follow","max-snippet":"max-snippet:-1","max-image-preview":"max-image-preview:large","max-video-preview":"max-video-preview:-1"},"canonical":"https:\/\/blogs.futura-sciences.com\/lehning\/qui-suis-je\/","og_locale":"fr_FR","og_type":"article","og_title":"Qui suis-je ? - MATH&#039;MONDE, le blog d&#039;Herv\u00e9 LEHNING, agr\u00e9g\u00e9 de math\u00e9matiques","og_description":"Fils de militaire de carri\u00e8re, mon enfance fut itin\u00e9rante. Sans le chercher, je suivis le trajet de la migration automnale des cigognes, du nord-est de la France \u00e0 l\u2019Afrique en passant par l\u2019Aquitaine. Je me suis alors pos\u00e9 dans le midi de la France pour commencer mes \u00e9tudes secondaires, \u00e0 l\u2019\u00e9cole militaire pr\u00e9paratoire d\u2019Aix-en-Provence, une &hellip; Continuer la lecture de Qui suis-je ? &rarr;","og_url":"https:\/\/blogs.futura-sciences.com\/lehning\/qui-suis-je\/","og_site_name":"MATH&#039;MONDE, le blog d&#039;Herv\u00e9 LEHNING, agr\u00e9g\u00e9 de math\u00e9matiques","og_image":[{"url":"https:\/\/blogs.futura-sciences.com\/lehning\/wp-content\/uploads\/sites\/13\/2018\/02\/HL-qui-suis-je-011-300x167.jpg","type":"","width":"","height":""}],"twitter_card":"summary_large_image","twitter_misc":{"Dur\u00e9e de lecture estim\u00e9e":"2 minutes"},"schema":{"@context":"https:\/\/schema.org","@graph":[{"@type":"WebPage","@id":"https:\/\/blogs.futura-sciences.com\/lehning\/qui-suis-je\/","url":"https:\/\/blogs.futura-sciences.com\/lehning\/qui-suis-je\/","name":"Qui suis-je ? - MATH&#039;MONDE, le blog d&#039;Herv\u00e9 LEHNING, agr\u00e9g\u00e9 de math\u00e9matiques","isPartOf":{"@id":"https:\/\/blogs.futura-sciences.com\/lehning\/#website"},"primaryImageOfPage":{"@id":"https:\/\/blogs.futura-sciences.com\/lehning\/qui-suis-je\/#primaryimage"},"image":{"@id":"https:\/\/blogs.futura-sciences.com\/lehning\/qui-suis-je\/#primaryimage"},"thumbnailUrl":"https:\/\/blogs.futura-sciences.com\/lehning\/wp-content\/uploads\/sites\/13\/2018\/02\/HL-qui-suis-je-011-300x167.jpg","datePublished":"2018-02-08T11:02:51+00:00","dateModified":"2018-02-08T11:02:51+00:00","breadcrumb":{"@id":"https:\/\/blogs.futura-sciences.com\/lehning\/qui-suis-je\/#breadcrumb"},"inLanguage":"fr-FR","potentialAction":[{"@type":"ReadAction","target":["https:\/\/blogs.futura-sciences.com\/lehning\/qui-suis-je\/"]}]},{"@type":"ImageObject","inLanguage":"fr-FR","@id":"https:\/\/blogs.futura-sciences.com\/lehning\/qui-suis-je\/#primaryimage","url":"https:\/\/blogs.futura-sciences.com\/lehning\/wp-content\/uploads\/sites\/13\/2018\/02\/HL-qui-suis-je-011.jpg","contentUrl":"https:\/\/blogs.futura-sciences.com\/lehning\/wp-content\/uploads\/sites\/13\/2018\/02\/HL-qui-suis-je-011.jpg","width":847,"height":472},{"@type":"BreadcrumbList","@id":"https:\/\/blogs.futura-sciences.com\/lehning\/qui-suis-je\/#breadcrumb","itemListElement":[{"@type":"ListItem","position":1,"name":"Accueil","item":"https:\/\/blogs.futura-sciences.com\/lehning\/"},{"@type":"ListItem","position":2,"name":"Qui suis-je ?"}]},{"@type":"WebSite","@id":"https:\/\/blogs.futura-sciences.com\/lehning\/#website","url":"https:\/\/blogs.futura-sciences.com\/lehning\/","name":"MATH&#039;MONDE, le blog d&#039;Herv\u00e9 LEHNING, agr\u00e9g\u00e9 de math\u00e9matiques","description":"Comment comprendre le monde moderne sans culture math\u00e9matique ? Acc\u00e9der \u00e0 celle-ci n\u2019exige cependant pas d\u2019apprendre \u00e0 r\u00e9soudre la moindre \u00e9quation.","potentialAction":[{"@type":"SearchAction","target":{"@type":"EntryPoint","urlTemplate":"https:\/\/blogs.futura-sciences.com\/lehning\/?s={search_term_string}"},"query-input":{"@type":"PropertyValueSpecification","valueRequired":true,"valueName":"search_term_string"}}],"inLanguage":"fr-FR"}]}},"_links":{"self":[{"href":"https:\/\/blogs.futura-sciences.com\/lehning\/wp-json\/wp\/v2\/pages\/10","targetHints":{"allow":["GET"]}}],"collection":[{"href":"https:\/\/blogs.futura-sciences.com\/lehning\/wp-json\/wp\/v2\/pages"}],"about":[{"href":"https:\/\/blogs.futura-sciences.com\/lehning\/wp-json\/wp\/v2\/types\/page"}],"author":[{"embeddable":true,"href":"https:\/\/blogs.futura-sciences.com\/lehning\/wp-json\/wp\/v2\/users\/1"}],"replies":[{"embeddable":true,"href":"https:\/\/blogs.futura-sciences.com\/lehning\/wp-json\/wp\/v2\/comments?post=10"}],"version-history":[{"count":1,"href":"https:\/\/blogs.futura-sciences.com\/lehning\/wp-json\/wp\/v2\/pages\/10\/revisions"}],"predecessor-version":[{"id":14,"href":"https:\/\/blogs.futura-sciences.com\/lehning\/wp-json\/wp\/v2\/pages\/10\/revisions\/14"}],"wp:attachment":[{"href":"https:\/\/blogs.futura-sciences.com\/lehning\/wp-json\/wp\/v2\/media?parent=10"}],"curies":[{"name":"wp","href":"https:\/\/api.w.org\/{rel}","templated":true}]}}