{"id":214,"date":"2014-06-02T11:08:59","date_gmt":"2014-06-02T11:08:59","guid":{"rendered":"https:\/\/blogs.futura-sciences.com\/frankel\/?page_id=214"},"modified":"2014-06-02T11:08:59","modified_gmt":"2014-06-02T11:08:59","slug":"association-planete-mars","status":"publish","type":"page","link":"https:\/\/blogs.futura-sciences.com\/frankel\/association-planete-mars\/","title":{"rendered":"Association Plan\u00e8te Mars"},"content":{"rendered":"<p>L&#8217;Association Plan\u00e8te Mars est la branche fran\u00e7aise de la Mars Society, association citoyenne d&#8217;\u00e9tude et de promotion du vol pilot\u00e9 vers Mars. Tant la branche m\u00e8re aux USA que la branche fran\u00e7aise sont ouvertes \u00e0 tous : amateurs, passionn\u00e9s et professionnels du vol spatial et de l&#8217;exploration plan\u00e9taire. L&#8217;Association Plan\u00e8te Mars organise des conf\u00e9rences et des manifestations grand public, et soutient des projets de recherche, comme des simulations de mission martienne dans le d\u00e9sert de l&#8217;Utah et au Maroc.<\/p>\n<p><a title=\"Association Plan\u00e8te Mars\" href=\"http:\/\/www.planete-mars.com\" target=\"_blank\">http:\/\/www.planete-mars.com<\/a><\/p>\n<p><a href=\"https:\/\/blogs.futura-sciences.com\/frankel\/wp-content\/uploads\/sites\/7\/2014\/05\/Autocollant-APM.jpg\" rel=\"lightbox[214]\"><img loading=\"lazy\" decoding=\"async\" class=\"aligncenter size-medium wp-image-195\" src=\"https:\/\/blogs.futura-sciences.com\/frankel\/wp-content\/uploads\/sites\/7\/2014\/05\/Autocollant-APM-450x299.jpg\" alt=\"Autocollant APM\" width=\"450\" height=\"299\" srcset=\"https:\/\/blogs.futura-sciences.com\/frankel\/wp-content\/uploads\/sites\/7\/2014\/05\/Autocollant-APM-450x299.jpg 450w, https:\/\/blogs.futura-sciences.com\/frankel\/wp-content\/uploads\/sites\/7\/2014\/05\/Autocollant-APM-1024x682.jpg 1024w, https:\/\/blogs.futura-sciences.com\/frankel\/wp-content\/uploads\/sites\/7\/2014\/05\/Autocollant-APM.jpg 1766w\" sizes=\"auto, (max-width: 450px) 100vw, 450px\" \/><\/a><\/p>\n<!-- AddThis Advanced Settings generic via filter on the_content --><!-- AddThis Share Buttons generic via filter on the_content -->","protected":false},"excerpt":{"rendered":"<p>L&#8217;Association Plan\u00e8te Mars est la branche fran\u00e7aise de la Mars Society, association citoyenne d&#8217;\u00e9tude et de promotion du vol pilot\u00e9 vers Mars. Tant la branche m\u00e8re aux USA que la branche fran\u00e7aise sont ouvertes \u00e0 tous : amateurs, passionn\u00e9s et professionnels du vol spatial et de l&#8217;exploration plan\u00e9taire. L&#8217;Association Plan\u00e8te Mars organise des conf\u00e9rences et &hellip; <a href=\"https:\/\/blogs.futura-sciences.com\/frankel\/association-planete-mars\/\" class=\"more-link\">Continuer la lecture de <span class=\"screen-reader-text\">Association Plan\u00e8te Mars<\/span>  <span class=\"meta-nav\">&rarr;<\/span><\/a><!-- AddThis Advanced Settings generic via filter on get_the_excerpt --><!-- AddThis Share Buttons generic via filter on get_the_excerpt --><\/p>\n","protected":false},"author":1,"featured_media":0,"parent":0,"menu_order":0,"comment_status":"open","ping_status":"open","template":"","meta":{"footnotes":"","_links_to":"","_links_to_target":""},"class_list":["post-214","page","type-page","status-publish","hentry"],"yoast_head":"<!-- This site is optimized with the Yoast SEO plugin v24.1 - https:\/\/yoast.com\/wordpress\/plugins\/seo\/ -->\n<title>Association Plan\u00e8te Mars - Carnets de bord d\u2019un martien, le blog de Charles FRANKEL, g\u00e9ologue<\/title>\n<meta name=\"robots\" content=\"index, follow, max-snippet:-1, max-image-preview:large, max-video-preview:-1\" \/>\n<link rel=\"canonical\" href=\"https:\/\/blogs.futura-sciences.com\/frankel\/association-planete-mars\/\" \/>\n<script type=\"application\/ld+json\" class=\"yoast-schema-graph\">{\"@context\":\"https:\/\/schema.org\",\"@graph\":[{\"@type\":\"WebPage\",\"@id\":\"https:\/\/blogs.futura-sciences.com\/frankel\/association-planete-mars\/\",\"url\":\"https:\/\/blogs.futura-sciences.com\/frankel\/association-planete-mars\/\",\"name\":\"Association Plan\u00e8te Mars - Carnets de bord d\u2019un martien, le blog de Charles FRANKEL, g\u00e9ologue\",\"isPartOf\":{\"@id\":\"https:\/\/blogs.futura-sciences.com\/frankel\/#website\"},\"primaryImageOfPage\":{\"@id\":\"https:\/\/blogs.futura-sciences.com\/frankel\/association-planete-mars\/#primaryimage\"},\"image\":{\"@id\":\"https:\/\/blogs.futura-sciences.com\/frankel\/association-planete-mars\/#primaryimage\"},\"thumbnailUrl\":\"https:\/\/blogs.futura-sciences.com\/frankel\/wp-content\/uploads\/sites\/7\/2014\/05\/Autocollant-APM-450x299.jpg\",\"datePublished\":\"2014-06-02T11:08:59+00:00\",\"dateModified\":\"2014-06-02T11:08:59+00:00\",\"inLanguage\":\"fr-FR\",\"potentialAction\":[{\"@type\":\"ReadAction\",\"target\":[\"https:\/\/blogs.futura-sciences.com\/frankel\/association-planete-mars\/\"]}]},{\"@type\":\"ImageObject\",\"inLanguage\":\"fr-FR\",\"@id\":\"https:\/\/blogs.futura-sciences.com\/frankel\/association-planete-mars\/#primaryimage\",\"url\":\"https:\/\/blogs.futura-sciences.com\/frankel\/wp-content\/uploads\/sites\/7\/2014\/05\/Autocollant-APM.jpg\",\"contentUrl\":\"https:\/\/blogs.futura-sciences.com\/frankel\/wp-content\/uploads\/sites\/7\/2014\/05\/Autocollant-APM.jpg\",\"width\":1766,\"height\":1177},{\"@type\":\"WebSite\",\"@id\":\"https:\/\/blogs.futura-sciences.com\/frankel\/#website\",\"url\":\"https:\/\/blogs.futura-sciences.com\/frankel\/\",\"name\":\"Carnets de bord d\u2019un martien, le blog de Charles FRANKEL, g\u00e9ologue\",\"description\":\"La science ? Apr\u00e8s tout, qu\u2019est-elle, sinon une longue et syst\u00e9matique curiosit\u00e9 ? Andr\u00e9 Maurois\",\"potentialAction\":[{\"@type\":\"SearchAction\",\"target\":{\"@type\":\"EntryPoint\",\"urlTemplate\":\"https:\/\/blogs.futura-sciences.com\/frankel\/?s={search_term_string}\"},\"query-input\":{\"@type\":\"PropertyValueSpecification\",\"valueRequired\":true,\"valueName\":\"search_term_string\"}}],\"inLanguage\":\"fr-FR\"}]}<\/script>\n<!-- \/ Yoast SEO plugin. -->","yoast_head_json":{"title":"Association Plan\u00e8te Mars - Carnets de bord d\u2019un martien, le blog de Charles FRANKEL, g\u00e9ologue","robots":{"index":"index","follow":"follow","max-snippet":"max-snippet:-1","max-image-preview":"max-image-preview:large","max-video-preview":"max-video-preview:-1"},"canonical":"https:\/\/blogs.futura-sciences.com\/frankel\/association-planete-mars\/","schema":{"@context":"https:\/\/schema.org","@graph":[{"@type":"WebPage","@id":"https:\/\/blogs.futura-sciences.com\/frankel\/association-planete-mars\/","url":"https:\/\/blogs.futura-sciences.com\/frankel\/association-planete-mars\/","name":"Association Plan\u00e8te Mars - Carnets de bord d\u2019un martien, le blog de Charles FRANKEL, g\u00e9ologue","isPartOf":{"@id":"https:\/\/blogs.futura-sciences.com\/frankel\/#website"},"primaryImageOfPage":{"@id":"https:\/\/blogs.futura-sciences.com\/frankel\/association-planete-mars\/#primaryimage"},"image":{"@id":"https:\/\/blogs.futura-sciences.com\/frankel\/association-planete-mars\/#primaryimage"},"thumbnailUrl":"https:\/\/blogs.futura-sciences.com\/frankel\/wp-content\/uploads\/sites\/7\/2014\/05\/Autocollant-APM-450x299.jpg","datePublished":"2014-06-02T11:08:59+00:00","dateModified":"2014-06-02T11:08:59+00:00","inLanguage":"fr-FR","potentialAction":[{"@type":"ReadAction","target":["https:\/\/blogs.futura-sciences.com\/frankel\/association-planete-mars\/"]}]},{"@type":"ImageObject","inLanguage":"fr-FR","@id":"https:\/\/blogs.futura-sciences.com\/frankel\/association-planete-mars\/#primaryimage","url":"https:\/\/blogs.futura-sciences.com\/frankel\/wp-content\/uploads\/sites\/7\/2014\/05\/Autocollant-APM.jpg","contentUrl":"https:\/\/blogs.futura-sciences.com\/frankel\/wp-content\/uploads\/sites\/7\/2014\/05\/Autocollant-APM.jpg","width":1766,"height":1177},{"@type":"WebSite","@id":"https:\/\/blogs.futura-sciences.com\/frankel\/#website","url":"https:\/\/blogs.futura-sciences.com\/frankel\/","name":"Carnets de bord d\u2019un martien, le blog de Charles FRANKEL, g\u00e9ologue","description":"La science ? Apr\u00e8s tout, qu\u2019est-elle, sinon une longue et syst\u00e9matique curiosit\u00e9 ? Andr\u00e9 Maurois","potentialAction":[{"@type":"SearchAction","target":{"@type":"EntryPoint","urlTemplate":"https:\/\/blogs.futura-sciences.com\/frankel\/?s={search_term_string}"},"query-input":{"@type":"PropertyValueSpecification","valueRequired":true,"valueName":"search_term_string"}}],"inLanguage":"fr-FR"}]}},"_links":{"self":[{"href":"https:\/\/blogs.futura-sciences.com\/frankel\/wp-json\/wp\/v2\/pages\/214","targetHints":{"allow":["GET"]}}],"collection":[{"href":"https:\/\/blogs.futura-sciences.com\/frankel\/wp-json\/wp\/v2\/pages"}],"about":[{"href":"https:\/\/blogs.futura-sciences.com\/frankel\/wp-json\/wp\/v2\/types\/page"}],"author":[{"embeddable":true,"href":"https:\/\/blogs.futura-sciences.com\/frankel\/wp-json\/wp\/v2\/users\/1"}],"replies":[{"embeddable":true,"href":"https:\/\/blogs.futura-sciences.com\/frankel\/wp-json\/wp\/v2\/comments?post=214"}],"version-history":[{"count":1,"href":"https:\/\/blogs.futura-sciences.com\/frankel\/wp-json\/wp\/v2\/pages\/214\/revisions"}],"predecessor-version":[{"id":215,"href":"https:\/\/blogs.futura-sciences.com\/frankel\/wp-json\/wp\/v2\/pages\/214\/revisions\/215"}],"wp:attachment":[{"href":"https:\/\/blogs.futura-sciences.com\/frankel\/wp-json\/wp\/v2\/media?parent=214"}],"curies":[{"name":"wp","href":"https:\/\/api.w.org\/{rel}","templated":true}]}}

Association Planète Mars

<p>L&#8217;Association Planète Mars est la branche française de la Mars Society, association citoyenne d&#8217;étude et de promotion du vol piloté vers Mars. Tant la branche mère aux USA que la branche française sont ouvertes à tous : amateurs, passionnés et professionnels du vol spatial et de l&#8217;exploration planétaire. L&#8217;Association Planète Mars organise des conférences et des manifestations grand public, et soutient des projets de recherche, comme des simulations de mission martienne dans le désert de l&#8217;Utah et au Maroc.</p>
<p><a title="Association Planète Mars" href="http://www.planete-mars.com" target="_blank">http://www.planete-mars.com</a></p>
<p><a href="https://blogs.futura-sciences.com/frankel/wp-content/uploads/sites/7/2014/05/Autocollant-APM.jpg" rel="lightbox[214]"><img loading="lazy" decoding="async" class="aligncenter size-medium wp-image-195" src="https://blogs.futura-sciences.com/frankel/wp-content/uploads/sites/7/2014/05/Autocollant-APM-450x299.jpg" alt="Autocollant APM" width="450" height="299" srcset="https://blogs.futura-sciences.com/frankel/wp-content/uploads/sites/7/2014/05/Autocollant-APM-450x299.jpg 450w, https://blogs.futura-sciences.com/frankel/wp-content/uploads/sites/7/2014/05/Autocollant-APM-1024x682.jpg 1024w, https://blogs.futura-sciences.com/frankel/wp-content/uploads/sites/7/2014/05/Autocollant-APM.jpg 1766w" sizes="auto, (max-width: 450px) 100vw, 450px" /></a></p>
<!-- AddThis Advanced Settings generic via filter on the_content --><!-- AddThis Share Buttons generic via filter on the_content -->

<p>L&#8217;Association Planète Mars est la branche française de la Mars Society, association citoyenne d&#8217;étude et de promotion du vol piloté vers Mars. Tant la branche mère aux USA que la branche française sont ouvertes à tous : amateurs, passionnés et professionnels du vol spatial et de l&#8217;exploration planétaire. L&#8217;Association Planète Mars organise des conférences et &hellip; <a href="https://blogs.futura-sciences.com/frankel/association-planete-mars/" class="more-link">Continuer la lecture de <span class="screen-reader-text">Association Planète Mars</span>  <span class="meta-nav">&rarr;</span></a><!-- AddThis Advanced Settings generic via filter on get_the_excerpt --><!-- AddThis Share Buttons generic via filter on get_the_excerpt --></p>

<!-- This site is optimized with the Yoast SEO plugin v24.1 - https://yoast.com/wordpress/plugins/seo/ -->
<title>Association Planète Mars - Carnets de bord d’un martien, le blog de Charles FRANKEL, géologue</title>
<meta name="robots" content="index, follow, max-snippet:-1, max-image-preview:large, max-video-preview:-1" />
<link rel="canonical" href="https://blogs.futura-sciences.com/frankel/association-planete-mars/" />
<script type="application/ld+json" class="yoast-schema-graph">{"@context":"https://schema.org","@graph":[{"@type":"WebPage","@id":"https://blogs.futura-sciences.com/frankel/association-planete-mars/","url":"https://blogs.futura-sciences.com/frankel/association-planete-mars/","name":"Association Planète Mars - Carnets de bord d’un martien, le blog de Charles FRANKEL, géologue","isPartOf":{"@id":"https://blogs.futura-sciences.com/frankel/#website"},"primaryImageOfPage":{"@id":"https://blogs.futura-sciences.com/frankel/association-planete-mars/#primaryimage"},"image":{"@id":"https://blogs.futura-sciences.com/frankel/association-planete-mars/#primaryimage"},"thumbnailUrl":"https://blogs.futura-sciences.com/frankel/wp-content/uploads/sites/7/2014/05/Autocollant-APM-450x299.jpg","datePublished":"2014-06-02T11:08:59+00:00","dateModified":"2014-06-02T11:08:59+00:00","inLanguage":"fr-FR","potentialAction":[{"@type":"ReadAction","target":["https://blogs.futura-sciences.com/frankel/association-planete-mars/"]}]},{"@type":"ImageObject","inLanguage":"fr-FR","@id":"https://blogs.futura-sciences.com/frankel/association-planete-mars/#primaryimage","url":"https://blogs.futura-sciences.com/frankel/wp-content/uploads/sites/7/2014/05/Autocollant-APM.jpg","contentUrl":"https://blogs.futura-sciences.com/frankel/wp-content/uploads/sites/7/2014/05/Autocollant-APM.jpg","width":1766,"height":1177},{"@type":"WebSite","@id":"https://blogs.futura-sciences.com/frankel/#website","url":"https://blogs.futura-sciences.com/frankel/","name":"Carnets de bord d’un martien, le blog de Charles FRANKEL, géologue","description":"La science ? Après tout, qu’est-elle, sinon une longue et systématique curiosité ? André Maurois","potentialAction":[{"@type":"SearchAction","target":{"@type":"EntryPoint","urlTemplate":"https://blogs.futura-sciences.com/frankel/?s={search_term_string}"},"query-input":{"@type":"PropertyValueSpecification","valueRequired":true,"valueName":"search_term_string"}}],"inLanguage":"fr-FR"}]}</script>
<!-- / Yoast SEO plugin. -->

Association Planète Mars - Carnets de bord d’un martien, le blog de Charles FRANKEL, géologue

Carnets de bord d’un martien, le blog de Charles FRANKEL, géologue

La science ? Après tout, qu’est-elle, sinon une longue et systématique curiosité ? André Maurois
