{"version":"1.0","provider_name":"CIELMANIA : le blog de Jean-Baptiste FELDMANN, photographe du ciel","provider_url":"https:\/\/blogs.futura-sciences.com\/feldmann","author_name":"Jean-Baptiste FELDMANN","author_url":"https:\/\/blogs.futura-sciences.com\/feldmann\/author\/jbfe\/","title":"Le filament solaire g\u00e9ant du 27 avril","type":"rich","width":600,"height":338,"html":"<blockquote class=\"wp-embedded-content\" data-secret=\"cy1oD7vRhS\"><a href=\"https:\/\/blogs.futura-sciences.com\/feldmann\/2015\/04\/29\/le-filament-solaire-geant-du-27-avril\/\">Le filament solaire g\u00e9ant du 27 avril<\/a><\/blockquote><iframe sandbox=\"allow-scripts\" security=\"restricted\" src=\"https:\/\/blogs.futura-sciences.com\/feldmann\/2015\/04\/29\/le-filament-solaire-geant-du-27-avril\/embed\/#?secret=cy1oD7vRhS\" width=\"600\" height=\"338\" title=\"\u00ab\u00a0Le filament solaire g\u00e9ant du 27 avril\u00a0\u00bb &#8212; CIELMANIA : le blog de Jean-Baptiste FELDMANN, photographe du ciel\" data-secret=\"cy1oD7vRhS\" frameborder=\"0\" marginwidth=\"0\" marginheight=\"0\" scrolling=\"no\" class=\"wp-embedded-content\"><\/iframe><script>\n\/*! This file is auto-generated *\/\n!function(d,l){\"use strict\";l.querySelector&&d.addEventListener&&\"undefined\"!=typeof URL&&(d.wp=d.wp||{},d.wp.receiveEmbedMessage||(d.wp.receiveEmbedMessage=function(e){var t=e.data;if((t||t.secret||t.message||t.value)&&!\/[^a-zA-Z0-9]\/.test(t.secret)){for(var s,r,n,a=l.querySelectorAll('iframe[data-secret=\"'+t.secret+'\"]'),o=l.querySelectorAll('blockquote[data-secret=\"'+t.secret+'\"]'),c=new RegExp(\"^https?:$\",\"i\"),i=0;i<o.length;i++)o[i].style.display=\"none\";for(i=0;i<a.length;i++)s=a[i],e.source===s.contentWindow&&(s.removeAttribute(\"style\"),\"height\"===t.message?(1e3<(r=parseInt(t.value,10))?r=1e3:~~r<200&&(r=200),s.height=r):\"link\"===t.message&&(r=new URL(s.getAttribute(\"src\")),n=new URL(t.value),c.test(n.protocol))&&n.host===r.host&&l.activeElement===s&&(d.top.location.href=t.value))}},d.addEventListener(\"message\",d.wp.receiveEmbedMessage,!1),l.addEventListener(\"DOMContentLoaded\",function(){for(var e,t,s=l.querySelectorAll(\"iframe.wp-embedded-content\"),r=0;r<s.length;r++)(t=(e=s[r]).getAttribute(\"data-secret\"))||(t=Math.random().toString(36).substring(2,12),e.src+=\"#?secret=\"+t,e.setAttribute(\"data-secret\",t)),e.contentWindow.postMessage({message:\"ready\",secret:t},\"*\")},!1)))}(window,document);\n<\/script>\n","thumbnail_url":"https:\/\/blogs.futura-sciences.com\/feldmann\/wp-content\/uploads\/sites\/9\/2015\/04\/filament_soleil3.jpg","thumbnail_width":867,"thumbnail_height":574,"description":"Le 27 avril le Soleil semblait tr\u00e8s calme : visuellement on ne voyait que quelques petites taches, comme le confirme l&#8217;image r\u00e9alis\u00e9e par le satellite solaire SDO (Solar Dynamics Observatory). La situation \u00e9tait pourtant bien diff\u00e9rente en observant notre \u00e9toile en H-alpha,\u00a0une raie d\u2019\u00e9mission particuli\u00e8re de l\u2019atome d\u2019hydrog\u00e8ne situ\u00e9e dans le spectre visible \u00e0 656,3 &hellip; Continuer la lecture de  &rarr;"}

Le filament solaire géant du 27 avril

<blockquote class="wp-embedded-content" data-secret="cy1oD7vRhS"><a href="https://blogs.futura-sciences.com/feldmann/2015/04/29/le-filament-solaire-geant-du-27-avril/">Le filament solaire géant du 27 avril</a></blockquote><iframe sandbox="allow-scripts" security="restricted" src="https://blogs.futura-sciences.com/feldmann/2015/04/29/le-filament-solaire-geant-du-27-avril/embed/#?secret=cy1oD7vRhS" width="600" height="338" title="« Le filament solaire géant du 27 avril » &#8212; CIELMANIA : le blog de Jean-Baptiste FELDMANN, photographe du ciel" data-secret="cy1oD7vRhS" frameborder="0" marginwidth="0" marginheight="0" scrolling="no" class="wp-embedded-content"></iframe><script>
/*! This file is auto-generated */
!function(d,l){"use strict";l.querySelector&&d.addEventListener&&"undefined"!=typeof URL&&(d.wp=d.wp||{},d.wp.receiveEmbedMessage||(d.wp.receiveEmbedMessage=function(e){var t=e.data;if((t||t.secret||t.message||t.value)&&!/[^a-zA-Z0-9]/.test(t.secret)){for(var s,r,n,a=l.querySelectorAll('iframe[data-secret="'+t.secret+'"]'),o=l.querySelectorAll('blockquote[data-secret="'+t.secret+'"]'),c=new RegExp("^https?:$","i"),i=0;i<o.length;i++)o[i].style.display="none";for(i=0;i<a.length;i++)s=a[i],e.source===s.contentWindow&&(s.removeAttribute("style"),"height"===t.message?(1e3<(r=parseInt(t.value,10))?r=1e3:~~r<200&&(r=200),s.height=r):"link"===t.message&&(r=new URL(s.getAttribute("src")),n=new URL(t.value),c.test(n.protocol))&&n.host===r.host&&l.activeElement===s&&(d.top.location.href=t.value))}},d.addEventListener("message",d.wp.receiveEmbedMessage,!1),l.addEventListener("DOMContentLoaded",function(){for(var e,t,s=l.querySelectorAll("iframe.wp-embedded-content"),r=0;r<s.length;r++)(t=(e=s[r]).getAttribute("data-secret"))||(t=Math.random().toString(36).substring(2,12),e.src+="#?secret="+t,e.setAttribute("data-secret",t)),e.contentWindow.postMessage({message:"ready",secret:t},"*")},!1)))}(window,document);
</script>

Le 27 avril le Soleil semblait très calme : visuellement on ne voyait que quelques petites taches, comme le confirme l&#8217;image réalisée par le satellite solaire SDO (Solar Dynamics Observatory). La situation était pourtant bien différente en observant notre étoile en H-alpha, une raie d’émission particulière de l’atome d’hydrogène située dans le spectre visible à 656,3 &hellip; Continuer la lecture de  &rarr;
