{"id":7,"date":"2013-12-13T15:06:52","date_gmt":"2013-12-13T15:06:52","guid":{"rendered":"https:\/\/blogs.futura-sciences.com\/bardintzeff\/?page_id=7"},"modified":"2014-01-04T16:56:16","modified_gmt":"2014-01-04T16:56:16","slug":"pourquoi-ce-blog","status":"publish","type":"page","link":"https:\/\/blogs.futura-sciences.com\/bardintzeff\/pourquoi-ce-blog\/","title":{"rendered":"Pourquoi ce blog ?"},"content":{"rendered":"<p><a href=\"https:\/\/blogs.futura-sciences.com\/bardintzeff\/wp-content\/uploads\/sites\/3\/2013\/12\/Bardintzeff.NZ467.VH_.jpg\" rel=\"lightbox[7]\"><img loading=\"lazy\" decoding=\"async\" class=\"alignleft  wp-image-10\" alt=\"Bardintzeff.NZ467.VH\" src=\"https:\/\/blogs.futura-sciences.com\/bardintzeff\/wp-content\/uploads\/sites\/3\/2013\/12\/Bardintzeff.NZ467.VH_-773x1024.jpg\" width=\"227\" height=\"301\" srcset=\"https:\/\/blogs.futura-sciences.com\/bardintzeff\/wp-content\/uploads\/sites\/3\/2013\/12\/Bardintzeff.NZ467.VH_-773x1024.jpg 773w, https:\/\/blogs.futura-sciences.com\/bardintzeff\/wp-content\/uploads\/sites\/3\/2013\/12\/Bardintzeff.NZ467.VH_-226x300.jpg 226w, https:\/\/blogs.futura-sciences.com\/bardintzeff\/wp-content\/uploads\/sites\/3\/2013\/12\/Bardintzeff.NZ467.VH_.jpg 959w\" sizes=\"auto, (max-width: 227px) 100vw, 227px\" \/><\/a>Dans mon blog, je me propose de partager mon \u00ab actu \u00bb avec vous : mes exp\u00e9ditions, mes publications, des photos, des \u00e9motions, des r\u00e9flexions. Ce sera aussi l\u2019actu de la plan\u00e8te Terre, qui, vivante, se manifeste r\u00e9guli\u00e8rement.<\/p>\n<p>J\u2019esp\u00e8re ainsi susciter des vocations chez les jeunes, filles ou gar\u00e7ons.<\/p>\n<p>Merci \u00e0 Futura-Sciences de me donner la parole !<\/p>\n<p>&nbsp;<\/p>\n<!-- AddThis Advanced Settings generic via filter on the_content --><!-- AddThis Share Buttons generic via filter on the_content -->","protected":false},"excerpt":{"rendered":"<p>Dans mon blog, je me propose de partager mon \u00ab actu \u00bb avec vous : mes exp\u00e9ditions, mes publications, des photos, des \u00e9motions, des r\u00e9flexions. Ce sera aussi l\u2019actu de la plan\u00e8te Terre, qui, vivante, se manifeste r\u00e9guli\u00e8rement. J\u2019esp\u00e8re ainsi susciter des vocations chez les jeunes, filles ou gar\u00e7ons. Merci \u00e0 Futura-Sciences de me donner &hellip; <a href=\"https:\/\/blogs.futura-sciences.com\/bardintzeff\/pourquoi-ce-blog\/\" class=\"more-link\">Continuer la lecture de <span class=\"screen-reader-text\">Pourquoi ce blog ?<\/span>  <span class=\"meta-nav\">&rarr;<\/span><\/a><!-- AddThis Advanced Settings generic via filter on get_the_excerpt --><!-- AddThis Share Buttons generic via filter on get_the_excerpt --><\/p>\n","protected":false},"author":1,"featured_media":0,"parent":0,"menu_order":0,"comment_status":"open","ping_status":"open","template":"","meta":{"footnotes":"","_links_to":"","_links_to_target":""},"class_list":["post-7","page","type-page","status-publish","hentry"],"yoast_head":"<!-- This site is optimized with the Yoast SEO plugin v24.1 - https:\/\/yoast.com\/wordpress\/plugins\/seo\/ -->\n<title>Pourquoi ce blog ? - VOLCANMANIA : le blog de Jacques-Marie BARDINTZEFF, volcanologue<\/title>\n<meta name=\"robots\" content=\"index, follow, max-snippet:-1, max-image-preview:large, max-video-preview:-1\" \/>\n<link rel=\"canonical\" href=\"https:\/\/blogs.futura-sciences.com\/bardintzeff\/pourquoi-ce-blog\/\" \/>\n<meta property=\"og:locale\" content=\"fr_FR\" \/>\n<meta property=\"og:type\" content=\"article\" \/>\n<meta property=\"og:title\" content=\"Pourquoi ce blog ? - VOLCANMANIA : le blog de Jacques-Marie BARDINTZEFF, volcanologue\" \/>\n<meta property=\"og:description\" content=\"Dans mon blog, je me propose de partager mon \u00ab actu \u00bb avec vous : mes exp\u00e9ditions, mes publications, des photos, des \u00e9motions, des r\u00e9flexions. Ce sera aussi l\u2019actu de la plan\u00e8te Terre, qui, vivante, se manifeste r\u00e9guli\u00e8rement. J\u2019esp\u00e8re ainsi susciter des vocations chez les jeunes, filles ou gar\u00e7ons. Merci \u00e0 Futura-Sciences de me donner &hellip; Continuer la lecture de Pourquoi ce blog ? &rarr;\" \/>\n<meta property=\"og:url\" content=\"https:\/\/blogs.futura-sciences.com\/bardintzeff\/pourquoi-ce-blog\/\" \/>\n<meta property=\"og:site_name\" content=\"VOLCANMANIA : le blog de Jacques-Marie BARDINTZEFF, volcanologue\" \/>\n<meta property=\"article:modified_time\" content=\"2014-01-04T16:56:16+00:00\" \/>\n<meta property=\"og:image\" content=\"https:\/\/blogs.futura-sciences.com\/bardintzeff\/wp-content\/uploads\/sites\/3\/2013\/12\/Bardintzeff.NZ467.VH_.jpg\" \/>\n\t<meta property=\"og:image:width\" content=\"959\" \/>\n\t<meta property=\"og:image:height\" content=\"1270\" \/>\n\t<meta property=\"og:image:type\" content=\"image\/jpeg\" \/>\n<meta name=\"twitter:card\" content=\"summary_large_image\" \/>\n<script type=\"application\/ld+json\" class=\"yoast-schema-graph\">{\"@context\":\"https:\/\/schema.org\",\"@graph\":[{\"@type\":\"WebPage\",\"@id\":\"https:\/\/blogs.futura-sciences.com\/bardintzeff\/pourquoi-ce-blog\/\",\"url\":\"https:\/\/blogs.futura-sciences.com\/bardintzeff\/pourquoi-ce-blog\/\",\"name\":\"Pourquoi ce blog ? - VOLCANMANIA : le blog de Jacques-Marie BARDINTZEFF, volcanologue\",\"isPartOf\":{\"@id\":\"https:\/\/blogs.futura-sciences.com\/bardintzeff\/#website\"},\"primaryImageOfPage\":{\"@id\":\"https:\/\/blogs.futura-sciences.com\/bardintzeff\/pourquoi-ce-blog\/#primaryimage\"},\"image\":{\"@id\":\"https:\/\/blogs.futura-sciences.com\/bardintzeff\/pourquoi-ce-blog\/#primaryimage\"},\"thumbnailUrl\":\"https:\/\/blogs.futura-sciences.com\/bardintzeff\/wp-content\/uploads\/sites\/3\/2013\/12\/Bardintzeff.NZ467.VH_-773x1024.jpg\",\"datePublished\":\"2013-12-13T15:06:52+00:00\",\"dateModified\":\"2014-01-04T16:56:16+00:00\",\"inLanguage\":\"fr-FR\",\"potentialAction\":[{\"@type\":\"ReadAction\",\"target\":[\"https:\/\/blogs.futura-sciences.com\/bardintzeff\/pourquoi-ce-blog\/\"]}]},{\"@type\":\"ImageObject\",\"inLanguage\":\"fr-FR\",\"@id\":\"https:\/\/blogs.futura-sciences.com\/bardintzeff\/pourquoi-ce-blog\/#primaryimage\",\"url\":\"https:\/\/blogs.futura-sciences.com\/bardintzeff\/wp-content\/uploads\/sites\/3\/2013\/12\/Bardintzeff.NZ467.VH_.jpg\",\"contentUrl\":\"https:\/\/blogs.futura-sciences.com\/bardintzeff\/wp-content\/uploads\/sites\/3\/2013\/12\/Bardintzeff.NZ467.VH_.jpg\",\"width\":959,\"height\":1270},{\"@type\":\"WebSite\",\"@id\":\"https:\/\/blogs.futura-sciences.com\/bardintzeff\/#website\",\"url\":\"https:\/\/blogs.futura-sciences.com\/bardintzeff\/\",\"name\":\"VOLCANMANIA : le blog de Jacques-Marie BARDINTZEFF, volcanologue\",\"description\":\"Les volcans ? Passionn\u00e9ment ! Les volcans ne sont pas toujours m\u00e9chants, ils sont aussi les t\u00e9moins de la Terre active !\",\"potentialAction\":[{\"@type\":\"SearchAction\",\"target\":{\"@type\":\"EntryPoint\",\"urlTemplate\":\"https:\/\/blogs.futura-sciences.com\/bardintzeff\/?s={search_term_string}\"},\"query-input\":{\"@type\":\"PropertyValueSpecification\",\"valueRequired\":true,\"valueName\":\"search_term_string\"}}],\"inLanguage\":\"fr-FR\"}]}<\/script>\n<!-- \/ Yoast SEO plugin. -->","yoast_head_json":{"title":"Pourquoi ce blog ? - VOLCANMANIA : le blog de Jacques-Marie BARDINTZEFF, volcanologue","robots":{"index":"index","follow":"follow","max-snippet":"max-snippet:-1","max-image-preview":"max-image-preview:large","max-video-preview":"max-video-preview:-1"},"canonical":"https:\/\/blogs.futura-sciences.com\/bardintzeff\/pourquoi-ce-blog\/","og_locale":"fr_FR","og_type":"article","og_title":"Pourquoi ce blog ? - VOLCANMANIA : le blog de Jacques-Marie BARDINTZEFF, volcanologue","og_description":"Dans mon blog, je me propose de partager mon \u00ab actu \u00bb avec vous : mes exp\u00e9ditions, mes publications, des photos, des \u00e9motions, des r\u00e9flexions. Ce sera aussi l\u2019actu de la plan\u00e8te Terre, qui, vivante, se manifeste r\u00e9guli\u00e8rement. J\u2019esp\u00e8re ainsi susciter des vocations chez les jeunes, filles ou gar\u00e7ons. Merci \u00e0 Futura-Sciences de me donner &hellip; Continuer la lecture de Pourquoi ce blog ? &rarr;","og_url":"https:\/\/blogs.futura-sciences.com\/bardintzeff\/pourquoi-ce-blog\/","og_site_name":"VOLCANMANIA : le blog de Jacques-Marie BARDINTZEFF, volcanologue","article_modified_time":"2014-01-04T16:56:16+00:00","og_image":[{"width":959,"height":1270,"url":"https:\/\/blogs.futura-sciences.com\/bardintzeff\/wp-content\/uploads\/sites\/3\/2013\/12\/Bardintzeff.NZ467.VH_.jpg","type":"image\/jpeg"}],"twitter_card":"summary_large_image","schema":{"@context":"https:\/\/schema.org","@graph":[{"@type":"WebPage","@id":"https:\/\/blogs.futura-sciences.com\/bardintzeff\/pourquoi-ce-blog\/","url":"https:\/\/blogs.futura-sciences.com\/bardintzeff\/pourquoi-ce-blog\/","name":"Pourquoi ce blog ? - VOLCANMANIA : le blog de Jacques-Marie BARDINTZEFF, volcanologue","isPartOf":{"@id":"https:\/\/blogs.futura-sciences.com\/bardintzeff\/#website"},"primaryImageOfPage":{"@id":"https:\/\/blogs.futura-sciences.com\/bardintzeff\/pourquoi-ce-blog\/#primaryimage"},"image":{"@id":"https:\/\/blogs.futura-sciences.com\/bardintzeff\/pourquoi-ce-blog\/#primaryimage"},"thumbnailUrl":"https:\/\/blogs.futura-sciences.com\/bardintzeff\/wp-content\/uploads\/sites\/3\/2013\/12\/Bardintzeff.NZ467.VH_-773x1024.jpg","datePublished":"2013-12-13T15:06:52+00:00","dateModified":"2014-01-04T16:56:16+00:00","inLanguage":"fr-FR","potentialAction":[{"@type":"ReadAction","target":["https:\/\/blogs.futura-sciences.com\/bardintzeff\/pourquoi-ce-blog\/"]}]},{"@type":"ImageObject","inLanguage":"fr-FR","@id":"https:\/\/blogs.futura-sciences.com\/bardintzeff\/pourquoi-ce-blog\/#primaryimage","url":"https:\/\/blogs.futura-sciences.com\/bardintzeff\/wp-content\/uploads\/sites\/3\/2013\/12\/Bardintzeff.NZ467.VH_.jpg","contentUrl":"https:\/\/blogs.futura-sciences.com\/bardintzeff\/wp-content\/uploads\/sites\/3\/2013\/12\/Bardintzeff.NZ467.VH_.jpg","width":959,"height":1270},{"@type":"WebSite","@id":"https:\/\/blogs.futura-sciences.com\/bardintzeff\/#website","url":"https:\/\/blogs.futura-sciences.com\/bardintzeff\/","name":"VOLCANMANIA : le blog de Jacques-Marie BARDINTZEFF, volcanologue","description":"Les volcans ? Passionn\u00e9ment ! Les volcans ne sont pas toujours m\u00e9chants, ils sont aussi les t\u00e9moins de la Terre active !","potentialAction":[{"@type":"SearchAction","target":{"@type":"EntryPoint","urlTemplate":"https:\/\/blogs.futura-sciences.com\/bardintzeff\/?s={search_term_string}"},"query-input":{"@type":"PropertyValueSpecification","valueRequired":true,"valueName":"search_term_string"}}],"inLanguage":"fr-FR"}]}},"_links":{"self":[{"href":"https:\/\/blogs.futura-sciences.com\/bardintzeff\/wp-json\/wp\/v2\/pages\/7","targetHints":{"allow":["GET"]}}],"collection":[{"href":"https:\/\/blogs.futura-sciences.com\/bardintzeff\/wp-json\/wp\/v2\/pages"}],"about":[{"href":"https:\/\/blogs.futura-sciences.com\/bardintzeff\/wp-json\/wp\/v2\/types\/page"}],"author":[{"embeddable":true,"href":"https:\/\/blogs.futura-sciences.com\/bardintzeff\/wp-json\/wp\/v2\/users\/1"}],"replies":[{"embeddable":true,"href":"https:\/\/blogs.futura-sciences.com\/bardintzeff\/wp-json\/wp\/v2\/comments?post=7"}],"version-history":[{"count":5,"href":"https:\/\/blogs.futura-sciences.com\/bardintzeff\/wp-json\/wp\/v2\/pages\/7\/revisions"}],"predecessor-version":[{"id":122,"href":"https:\/\/blogs.futura-sciences.com\/bardintzeff\/wp-json\/wp\/v2\/pages\/7\/revisions\/122"}],"wp:attachment":[{"href":"https:\/\/blogs.futura-sciences.com\/bardintzeff\/wp-json\/wp\/v2\/media?parent=7"}],"curies":[{"name":"wp","href":"https:\/\/api.w.org\/{rel}","templated":true}]}}