{"version":"1.0","provider_name":"VOLCANMANIA : le blog de Jacques-Marie BARDINTZEFF, volcanologue","provider_url":"https:\/\/blogs.futura-sciences.com\/bardintzeff","author_name":"jmbardintzeff","author_url":"https:\/\/blogs.futura-sciences.com\/bardintzeff\/author\/jmbardintzeff\/","title":"R\u00e9\u00e9couter les Krafft sur France Inter, par Jacques-Marie Bardintzeff","type":"rich","width":600,"height":338,"html":"<blockquote class=\"wp-embedded-content\" data-secret=\"qRluyw7Y09\"><a href=\"https:\/\/blogs.futura-sciences.com\/bardintzeff\/2022\/09\/17\/reecouter-les-krafft-sur-france-inter\/\">R\u00e9\u00e9couter les Krafft sur France Inter<\/a><\/blockquote><iframe sandbox=\"allow-scripts\" security=\"restricted\" src=\"https:\/\/blogs.futura-sciences.com\/bardintzeff\/2022\/09\/17\/reecouter-les-krafft-sur-france-inter\/embed\/#?secret=qRluyw7Y09\" width=\"600\" height=\"338\" title=\"\u00ab\u00a0R\u00e9\u00e9couter les Krafft sur France Inter\u00a0\u00bb &#8212; VOLCANMANIA : le blog de Jacques-Marie BARDINTZEFF, volcanologue\" data-secret=\"qRluyw7Y09\" frameborder=\"0\" marginwidth=\"0\" marginheight=\"0\" scrolling=\"no\" class=\"wp-embedded-content\"><\/iframe><script>\n\/*! This file is auto-generated *\/\n!function(d,l){\"use strict\";l.querySelector&&d.addEventListener&&\"undefined\"!=typeof URL&&(d.wp=d.wp||{},d.wp.receiveEmbedMessage||(d.wp.receiveEmbedMessage=function(e){var t=e.data;if((t||t.secret||t.message||t.value)&&!\/[^a-zA-Z0-9]\/.test(t.secret)){for(var s,r,n,a=l.querySelectorAll('iframe[data-secret=\"'+t.secret+'\"]'),o=l.querySelectorAll('blockquote[data-secret=\"'+t.secret+'\"]'),c=new RegExp(\"^https?:$\",\"i\"),i=0;i<o.length;i++)o[i].style.display=\"none\";for(i=0;i<a.length;i++)s=a[i],e.source===s.contentWindow&&(s.removeAttribute(\"style\"),\"height\"===t.message?(1e3<(r=parseInt(t.value,10))?r=1e3:~~r<200&&(r=200),s.height=r):\"link\"===t.message&&(r=new URL(s.getAttribute(\"src\")),n=new URL(t.value),c.test(n.protocol))&&n.host===r.host&&l.activeElement===s&&(d.top.location.href=t.value))}},d.addEventListener(\"message\",d.wp.receiveEmbedMessage,!1),l.addEventListener(\"DOMContentLoaded\",function(){for(var e,t,s=l.querySelectorAll(\"iframe.wp-embedded-content\"),r=0;r<s.length;r++)(t=(e=s[r]).getAttribute(\"data-secret\"))||(t=Math.random().toString(36).substring(2,12),e.src+=\"#?secret=\"+t,e.setAttribute(\"data-secret\",t)),e.contentWindow.postMessage({message:\"ready\",secret:t},\"*\")},!1)))}(window,document);\n<\/script>\n","description":"Katia et Maurice Krafft, c\u00e9l\u00e8bre couple de volcanologues fran\u00e7ais, font actuellement l\u2019actualit\u00e9. Vendredi 16 septembre 2022, sur France Inter, ils ont \u00e9t\u00e9 \u00e0 l\u2019honneur dans l\u2019\u00e9mission \u00ab La Terre au carr\u00e9 \u00bb pr\u00e9sent\u00e9e par Mathieu Vidard (voir aussi mon blog du 13\/9\/2022). R\u00e9\u00e9couter l\u2019\u00e9mission\u00a0: https:\/\/www.radiofrance.fr\/franceinter\/podcasts\/la-terre-au-carre\/la-terre-au-carre-du-vendredi-16-septembre-2022-1582176 Lors de l\u2019\u00e9mission \u00ab\u00a0La Terre au carr\u00e9\u00a0\u00bb sur France Inter &hellip; Continuer la lecture de  &rarr;","thumbnail_url":"https:\/\/blogs.futura-sciences.com\/bardintzeff\/wp-content\/uploads\/sites\/3\/2022\/09\/Bardintzeff.2022.09.16.F_Inter.Bardintzeff_Vidard_Soulier.low_-450x338.jpg"}

Réécouter les Krafft sur France Inter, par Jacques-Marie Bardintzeff

<blockquote class="wp-embedded-content" data-secret="qRluyw7Y09"><a href="https://blogs.futura-sciences.com/bardintzeff/2022/09/17/reecouter-les-krafft-sur-france-inter/">Réécouter les Krafft sur France Inter</a></blockquote><iframe sandbox="allow-scripts" security="restricted" src="https://blogs.futura-sciences.com/bardintzeff/2022/09/17/reecouter-les-krafft-sur-france-inter/embed/#?secret=qRluyw7Y09" width="600" height="338" title="« Réécouter les Krafft sur France Inter » &#8212; VOLCANMANIA : le blog de Jacques-Marie BARDINTZEFF, volcanologue" data-secret="qRluyw7Y09" frameborder="0" marginwidth="0" marginheight="0" scrolling="no" class="wp-embedded-content"></iframe><script>
/*! This file is auto-generated */
!function(d,l){"use strict";l.querySelector&&d.addEventListener&&"undefined"!=typeof URL&&(d.wp=d.wp||{},d.wp.receiveEmbedMessage||(d.wp.receiveEmbedMessage=function(e){var t=e.data;if((t||t.secret||t.message||t.value)&&!/[^a-zA-Z0-9]/.test(t.secret)){for(var s,r,n,a=l.querySelectorAll('iframe[data-secret="'+t.secret+'"]'),o=l.querySelectorAll('blockquote[data-secret="'+t.secret+'"]'),c=new RegExp("^https?:$","i"),i=0;i<o.length;i++)o[i].style.display="none";for(i=0;i<a.length;i++)s=a[i],e.source===s.contentWindow&&(s.removeAttribute("style"),"height"===t.message?(1e3<(r=parseInt(t.value,10))?r=1e3:~~r<200&&(r=200),s.height=r):"link"===t.message&&(r=new URL(s.getAttribute("src")),n=new URL(t.value),c.test(n.protocol))&&n.host===r.host&&l.activeElement===s&&(d.top.location.href=t.value))}},d.addEventListener("message",d.wp.receiveEmbedMessage,!1),l.addEventListener("DOMContentLoaded",function(){for(var e,t,s=l.querySelectorAll("iframe.wp-embedded-content"),r=0;r<s.length;r++)(t=(e=s[r]).getAttribute("data-secret"))||(t=Math.random().toString(36).substring(2,12),e.src+="#?secret="+t,e.setAttribute("data-secret",t)),e.contentWindow.postMessage({message:"ready",secret:t},"*")},!1)))}(window,document);
</script>

Katia et Maurice Krafft, célèbre couple de volcanologues français, font actuellement l’actualité. Vendredi 16 septembre 2022, sur France Inter, ils ont été à l’honneur dans l’émission « La Terre au carré » présentée par Mathieu Vidard (voir aussi mon blog du 13/9/2022). Réécouter l’émission : https://www.radiofrance.fr/franceinter/podcasts/la-terre-au-carre/la-terre-au-carre-du-vendredi-16-septembre-2022-1582176 Lors de l’émission « La Terre au carré » sur France Inter &hellip; Continuer la lecture de  &rarr;
