{"version":"1.0","provider_name":"VOLCANMANIA : le blog de Jacques-Marie BARDINTZEFF, volcanologue","provider_url":"https:\/\/blogs.futura-sciences.com\/bardintzeff","author_name":"jmbardintzeff","author_url":"https:\/\/blogs.futura-sciences.com\/bardintzeff\/author\/jmbardintzeff\/","title":"Conf\u00e9rence \u00ab Volcans \u00bb \u00e0 Ch\u00e2lons-en-Champagne, par Jacques-Marie Bardintzeff","type":"rich","width":600,"height":338,"html":"<blockquote class=\"wp-embedded-content\" data-secret=\"4uhqsF0rwu\"><a href=\"https:\/\/blogs.futura-sciences.com\/bardintzeff\/2019\/10\/07\/conference-volcans-a-chalons-en-champagne\/\">Conf\u00e9rence \u00ab Volcans \u00bb \u00e0 Ch\u00e2lons-en-Champagne<\/a><\/blockquote><iframe sandbox=\"allow-scripts\" security=\"restricted\" src=\"https:\/\/blogs.futura-sciences.com\/bardintzeff\/2019\/10\/07\/conference-volcans-a-chalons-en-champagne\/embed\/#?secret=4uhqsF0rwu\" width=\"600\" height=\"338\" title=\"\u00ab\u00a0Conf\u00e9rence \u00ab Volcans \u00bb \u00e0 Ch\u00e2lons-en-Champagne\u00a0\u00bb &#8212; VOLCANMANIA : le blog de Jacques-Marie BARDINTZEFF, volcanologue\" data-secret=\"4uhqsF0rwu\" frameborder=\"0\" marginwidth=\"0\" marginheight=\"0\" scrolling=\"no\" class=\"wp-embedded-content\"><\/iframe><script>\n\/*! This file is auto-generated *\/\n!function(d,l){\"use strict\";l.querySelector&&d.addEventListener&&\"undefined\"!=typeof URL&&(d.wp=d.wp||{},d.wp.receiveEmbedMessage||(d.wp.receiveEmbedMessage=function(e){var t=e.data;if((t||t.secret||t.message||t.value)&&!\/[^a-zA-Z0-9]\/.test(t.secret)){for(var s,r,n,a=l.querySelectorAll('iframe[data-secret=\"'+t.secret+'\"]'),o=l.querySelectorAll('blockquote[data-secret=\"'+t.secret+'\"]'),c=new RegExp(\"^https?:$\",\"i\"),i=0;i<o.length;i++)o[i].style.display=\"none\";for(i=0;i<a.length;i++)s=a[i],e.source===s.contentWindow&&(s.removeAttribute(\"style\"),\"height\"===t.message?(1e3<(r=parseInt(t.value,10))?r=1e3:~~r<200&&(r=200),s.height=r):\"link\"===t.message&&(r=new URL(s.getAttribute(\"src\")),n=new URL(t.value),c.test(n.protocol))&&n.host===r.host&&l.activeElement===s&&(d.top.location.href=t.value))}},d.addEventListener(\"message\",d.wp.receiveEmbedMessage,!1),l.addEventListener(\"DOMContentLoaded\",function(){for(var e,t,s=l.querySelectorAll(\"iframe.wp-embedded-content\"),r=0;r<s.length;r++)(t=(e=s[r]).getAttribute(\"data-secret\"))||(t=Math.random().toString(36).substring(2,12),e.src+=\"#?secret=\"+t,e.setAttribute(\"data-secret\",t)),e.contentWindow.postMessage({message:\"ready\",secret:t},\"*\")},!1)))}(window,document);\n<\/script>\n","description":"Dans le cadre de la F\u00eate de la Science, je suis invit\u00e9 par l\u2019association\u00a0\u00ab\u00a0Arts, Lettres et Sciences\u00a0\u00bb (Alain Schydlowsky Pr\u00e9sident) \u00e0 donner une conf\u00e9rence jeudi 10 octobre 2019 \u00e0 14 heures \u00e0 Ch\u00e2lons-en-Champagne (51000). Le th\u00e8me retenu\u00a0: &#8220;Volcans, s\u00e9ismes et tsunamis: la Terre en col\u00e8re&#8221;. Cela se passera au lyc\u00e9e Jean Talon, 105 avenue Daniel &hellip; Continuer la lecture de  &rarr;","thumbnail_url":"https:\/\/blogs.futura-sciences.com\/bardintzeff\/wp-content\/uploads\/sites\/3\/2019\/10\/2019.09.12.Lumexplore.IMG_7317.low_-450x300.jpg"}

Conférence « Volcans » à Châlons-en-Champagne, par Jacques-Marie Bardintzeff

<blockquote class="wp-embedded-content" data-secret="4uhqsF0rwu"><a href="https://blogs.futura-sciences.com/bardintzeff/2019/10/07/conference-volcans-a-chalons-en-champagne/">Conférence « Volcans » à Châlons-en-Champagne</a></blockquote><iframe sandbox="allow-scripts" security="restricted" src="https://blogs.futura-sciences.com/bardintzeff/2019/10/07/conference-volcans-a-chalons-en-champagne/embed/#?secret=4uhqsF0rwu" width="600" height="338" title="« Conférence « Volcans » à Châlons-en-Champagne » &#8212; VOLCANMANIA : le blog de Jacques-Marie BARDINTZEFF, volcanologue" data-secret="4uhqsF0rwu" frameborder="0" marginwidth="0" marginheight="0" scrolling="no" class="wp-embedded-content"></iframe><script>
/*! This file is auto-generated */
!function(d,l){"use strict";l.querySelector&&d.addEventListener&&"undefined"!=typeof URL&&(d.wp=d.wp||{},d.wp.receiveEmbedMessage||(d.wp.receiveEmbedMessage=function(e){var t=e.data;if((t||t.secret||t.message||t.value)&&!/[^a-zA-Z0-9]/.test(t.secret)){for(var s,r,n,a=l.querySelectorAll('iframe[data-secret="'+t.secret+'"]'),o=l.querySelectorAll('blockquote[data-secret="'+t.secret+'"]'),c=new RegExp("^https?:$","i"),i=0;i<o.length;i++)o[i].style.display="none";for(i=0;i<a.length;i++)s=a[i],e.source===s.contentWindow&&(s.removeAttribute("style"),"height"===t.message?(1e3<(r=parseInt(t.value,10))?r=1e3:~~r<200&&(r=200),s.height=r):"link"===t.message&&(r=new URL(s.getAttribute("src")),n=new URL(t.value),c.test(n.protocol))&&n.host===r.host&&l.activeElement===s&&(d.top.location.href=t.value))}},d.addEventListener("message",d.wp.receiveEmbedMessage,!1),l.addEventListener("DOMContentLoaded",function(){for(var e,t,s=l.querySelectorAll("iframe.wp-embedded-content"),r=0;r<s.length;r++)(t=(e=s[r]).getAttribute("data-secret"))||(t=Math.random().toString(36).substring(2,12),e.src+="#?secret="+t,e.setAttribute("data-secret",t)),e.contentWindow.postMessage({message:"ready",secret:t},"*")},!1)))}(window,document);
</script>

Dans le cadre de la Fête de la Science, je suis invité par l’association « Arts, Lettres et Sciences » (Alain Schydlowsky Président) à donner une conférence jeudi 10 octobre 2019 à 14 heures à Châlons-en-Champagne (51000). Le thème retenu : &#8220;Volcans, séismes et tsunamis: la Terre en colère&#8221;. Cela se passera au lycée Jean Talon, 105 avenue Daniel &hellip; Continuer la lecture de  &rarr;
