{"version":"1.0","provider_name":"VOLCANMANIA : le blog de Jacques-Marie BARDINTZEFF, volcanologue","provider_url":"https:\/\/blogs.futura-sciences.com\/bardintzeff","author_name":"jmbardintzeff","author_url":"https:\/\/blogs.futura-sciences.com\/bardintzeff\/author\/jmbardintzeff\/","title":"Cycle de conf\u00e9rences \u00e0 Lisbonne, par Jacques-Marie Bardintzeff","type":"rich","width":600,"height":338,"html":"<blockquote class=\"wp-embedded-content\" data-secret=\"ITxWuj0wWE\"><a href=\"https:\/\/blogs.futura-sciences.com\/bardintzeff\/2019\/04\/09\/cycle-de-conferences-a-lisbonne\/\">Cycle de conf\u00e9rences \u00e0 Lisbonne<\/a><\/blockquote><iframe sandbox=\"allow-scripts\" security=\"restricted\" src=\"https:\/\/blogs.futura-sciences.com\/bardintzeff\/2019\/04\/09\/cycle-de-conferences-a-lisbonne\/embed\/#?secret=ITxWuj0wWE\" width=\"600\" height=\"338\" title=\"\u00ab\u00a0Cycle de conf\u00e9rences \u00e0 Lisbonne\u00a0\u00bb &#8212; VOLCANMANIA : le blog de Jacques-Marie BARDINTZEFF, volcanologue\" data-secret=\"ITxWuj0wWE\" frameborder=\"0\" marginwidth=\"0\" marginheight=\"0\" scrolling=\"no\" class=\"wp-embedded-content\"><\/iframe><script>\n\/*! This file is auto-generated *\/\n!function(d,l){\"use strict\";l.querySelector&&d.addEventListener&&\"undefined\"!=typeof URL&&(d.wp=d.wp||{},d.wp.receiveEmbedMessage||(d.wp.receiveEmbedMessage=function(e){var t=e.data;if((t||t.secret||t.message||t.value)&&!\/[^a-zA-Z0-9]\/.test(t.secret)){for(var s,r,n,a=l.querySelectorAll('iframe[data-secret=\"'+t.secret+'\"]'),o=l.querySelectorAll('blockquote[data-secret=\"'+t.secret+'\"]'),c=new RegExp(\"^https?:$\",\"i\"),i=0;i<o.length;i++)o[i].style.display=\"none\";for(i=0;i<a.length;i++)s=a[i],e.source===s.contentWindow&&(s.removeAttribute(\"style\"),\"height\"===t.message?(1e3<(r=parseInt(t.value,10))?r=1e3:~~r<200&&(r=200),s.height=r):\"link\"===t.message&&(r=new URL(s.getAttribute(\"src\")),n=new URL(t.value),c.test(n.protocol))&&n.host===r.host&&l.activeElement===s&&(d.top.location.href=t.value))}},d.addEventListener(\"message\",d.wp.receiveEmbedMessage,!1),l.addEventListener(\"DOMContentLoaded\",function(){for(var e,t,s=l.querySelectorAll(\"iframe.wp-embedded-content\"),r=0;r<s.length;r++)(t=(e=s[r]).getAttribute(\"data-secret\"))||(t=Math.random().toString(36).substring(2,12),e.src+=\"#?secret=\"+t,e.setAttribute(\"data-secret\",t)),e.contentWindow.postMessage({message:\"ready\",secret:t},\"*\")},!1)))}(window,document);\n<\/script>\n","description":"Le plaisir et l\u2019honneur d\u2019\u00eatre invit\u00e9 pour un cycle de conf\u00e9rences \u00e0 Lisbonne du 10 au 12 avril prochain. \u00c0 l\u2019initiative de mon coll\u00e8gue et ami Pascal Chauvel, cinq conf\u00e9rences de volcanologie auront lieu au Lyc\u00e9e Fran\u00e7ais Charles Lepierre, pour les \u00e9l\u00e8ves de 4e, 1\u00e8reS et TS. Une conf\u00e9rence grand public se d\u00e9roulera jeudi 11 &hellip; Continuer la lecture de  &rarr;","thumbnail_url":"https:\/\/blogs.futura-sciences.com\/bardintzeff\/wp-content\/uploads\/sites\/3\/2019\/04\/image001.bard_.low_-450x318.jpg"}

Cycle de conférences à Lisbonne, par Jacques-Marie Bardintzeff

<blockquote class="wp-embedded-content" data-secret="ITxWuj0wWE"><a href="https://blogs.futura-sciences.com/bardintzeff/2019/04/09/cycle-de-conferences-a-lisbonne/">Cycle de conférences à Lisbonne</a></blockquote><iframe sandbox="allow-scripts" security="restricted" src="https://blogs.futura-sciences.com/bardintzeff/2019/04/09/cycle-de-conferences-a-lisbonne/embed/#?secret=ITxWuj0wWE" width="600" height="338" title="« Cycle de conférences à Lisbonne » &#8212; VOLCANMANIA : le blog de Jacques-Marie BARDINTZEFF, volcanologue" data-secret="ITxWuj0wWE" frameborder="0" marginwidth="0" marginheight="0" scrolling="no" class="wp-embedded-content"></iframe><script>
/*! This file is auto-generated */
!function(d,l){"use strict";l.querySelector&&d.addEventListener&&"undefined"!=typeof URL&&(d.wp=d.wp||{},d.wp.receiveEmbedMessage||(d.wp.receiveEmbedMessage=function(e){var t=e.data;if((t||t.secret||t.message||t.value)&&!/[^a-zA-Z0-9]/.test(t.secret)){for(var s,r,n,a=l.querySelectorAll('iframe[data-secret="'+t.secret+'"]'),o=l.querySelectorAll('blockquote[data-secret="'+t.secret+'"]'),c=new RegExp("^https?:$","i"),i=0;i<o.length;i++)o[i].style.display="none";for(i=0;i<a.length;i++)s=a[i],e.source===s.contentWindow&&(s.removeAttribute("style"),"height"===t.message?(1e3<(r=parseInt(t.value,10))?r=1e3:~~r<200&&(r=200),s.height=r):"link"===t.message&&(r=new URL(s.getAttribute("src")),n=new URL(t.value),c.test(n.protocol))&&n.host===r.host&&l.activeElement===s&&(d.top.location.href=t.value))}},d.addEventListener("message",d.wp.receiveEmbedMessage,!1),l.addEventListener("DOMContentLoaded",function(){for(var e,t,s=l.querySelectorAll("iframe.wp-embedded-content"),r=0;r<s.length;r++)(t=(e=s[r]).getAttribute("data-secret"))||(t=Math.random().toString(36).substring(2,12),e.src+="#?secret="+t,e.setAttribute("data-secret",t)),e.contentWindow.postMessage({message:"ready",secret:t},"*")},!1)))}(window,document);
</script>

Le plaisir et l’honneur d’être invité pour un cycle de conférences à Lisbonne du 10 au 12 avril prochain. À l’initiative de mon collègue et ami Pascal Chauvel, cinq conférences de volcanologie auront lieu au Lycée Français Charles Lepierre, pour les élèves de 4e, 1èreS et TS. Une conférence grand public se déroulera jeudi 11 &hellip; Continuer la lecture de  &rarr;
