{"id":5,"date":"2013-12-13T15:06:36","date_gmt":"2013-12-13T15:06:36","guid":{"rendered":"https:\/\/blogs.futura-sciences.comaslangul\/?page_id=5"},"modified":"2014-06-11T11:56:26","modified_gmt":"2014-06-11T11:56:26","slug":"qui-suis-je","status":"publish","type":"page","link":"https:\/\/blogs.futura-sciences.com\/aslangul\/qui-suis-je\/","title":{"rendered":"Qui suis-je ?"},"content":{"rendered":"<p>Apr\u00e8s un parcours scolaire initialement orient\u00e9 vers les lettres (et une br\u00e8ve tentation vers la musique), je me suis dirig\u00e9 vers la fili\u00e8re scientifique et ai int\u00e9gr\u00e9 une \u00e9cole d&#8217;ing\u00e9nieur avant de bifurquer vers le monde universitaire. Entr\u00e9 \u00e0 l&#8217;universit\u00e9 en octobre 68, alors Universit\u00e9 Paris VI et aujourd&#8217;hui Universit\u00e9 Pierre et Marie Curie (UPMC), j&#8217;y ai exerc\u00e9 pendant 45 ans, \u00e0 l&#8217;exception d&#8217;un d\u00e9tachement \u00e0 l&#8217;Institut Laue Langevin (Grenoble) et de s\u00e9jours de plusieurs mois au Massachusetts Institute of Technology (MIT). Mis \u00e0 part des responsabilit\u00e9s administratives vari\u00e9es et souvent tr\u00e8s prenantes, mon activit\u00e9 \u00e9tait partag\u00e9e entre l&#8217;enseignement \u00e0 tous les niveaux et la recherche dans des laboratoires, notamment au Groupe de Physique des Solides (GPS) cr\u00e9e par Pierre Aigrain et Philippe Nozi\u00e8res.<\/p>\n<p><a href=\"https:\/\/blogs.futura-sciences.com\/aslangul\/wp-content\/uploads\/sites\/10\/2013\/12\/ClaudeRochers.png\" rel=\"lightbox[5]\"><img loading=\"lazy\" decoding=\"async\" class=\"alignleft wp-image-305\" src=\"https:\/\/blogs.futura-sciences.com\/aslangul\/wp-content\/uploads\/sites\/10\/2013\/12\/ClaudeRochers-450x333.png\" alt=\"ClaudeRochers\" width=\"300\" height=\"222\" srcset=\"https:\/\/blogs.futura-sciences.com\/aslangul\/wp-content\/uploads\/sites\/10\/2013\/12\/ClaudeRochers-450x333.png 450w, https:\/\/blogs.futura-sciences.com\/aslangul\/wp-content\/uploads\/sites\/10\/2013\/12\/ClaudeRochers.png 900w\" sizes=\"auto, (max-width: 300px) 100vw, 300px\" \/><\/a>Th\u00e9oricien, j&#8217;ai pu aborder des probl\u00e8mes divers de M\u00e9canique statistique et de Physique de la mati\u00e8re condens\u00e9e (th\u00e9orie quantique de la liaison chimique, excitons, mouvement brownien classique et quantique, dissipation quantique et brisure de sym\u00e9trie, diffusion en milieu d\u00e9sordonn\u00e9, etc.) : c&#8217;est le privil\u00e8ge des th\u00e9oriciens que de pouvoir changer assez souvent de probl\u00e9matique sans devoir passer des mois voire des ann\u00e9es pour concevoir une manip&#8217; sophistiqu\u00e9e puis la monter. . . apr\u00e8s avoir r\u00e9ussi, souvent \u00e0 grand peine, \u00e0 trouver le financement permettant d&#8217;acqu\u00e9rir des appareils en g\u00e9n\u00e9ral tr\u00e8s co\u00fbteux.<\/p>\n<p>Mes derni\u00e8res ann\u00e9es d&#8217;activit\u00e9 institutionnelle ont \u00e9t\u00e9 consacr\u00e9es en grande partie \u00e0 la r\u00e9daction d&#8217;ouvrages, ayant \u00e9t\u00e9 sollicit\u00e9 par De Boeck pour, d&#8217;abord, d\u00e9velopper et \u00e9diter mes cours de M\u00e9canique quantique \u00e0 l&#8217;ENS-Ulm et \u00e0 l&#8217;UPMC et, plus r\u00e9cemment, des ouvrages de math\u00e9matiques issus des enseignements que j&#8217;avais eu la chance de pouvoir dispenser dans ces m\u00eames institutions.<\/p>\n<p>Actuellement professeur \u00e9m\u00e9rite \u00e0 l&#8217;UPMC, j&#8217;ai heureusement pu retrouver une activit\u00e9 d&#8217;enseignement, cette fois b\u00e9n\u00e9vole. D&#8217;une part avec les normaliens de l&#8217;ENS Cachan sous forme de s\u00e9ances de discussion totalement ouvertes o\u00f9 je m&#8217;efforce de r\u00e9pondre \u00e0 leurs questions, d&#8217;autre part au Lyc\u00e9e Henri IV o\u00f9 m&#8217;ont \u00e9t\u00e9 demand\u00e9s des cycles de conf\u00e9rences sur la M\u00e9canique quantique pour les professeurs des classes pr\u00e9paratoires, en relation avec les changements r\u00e9cents des programmes de CPGE. En outre, je participe chaque ann\u00e9e \u00e0 une \u00e9cole d&#8217;\u00e9t\u00e9 \u00e0 Orsay pour les \u00e9tudiants issus de la Licence, y donnant une conf\u00e9rence et participant \u00e0 un d\u00e9bat avec Etienne Klein sur un th\u00e8me variable chaque ann\u00e9e. Enfin, il m&#8217;arrive d&#8217;intervenir dans les biblioth\u00e8ques municipales, comme l&#8217;an pass\u00e9 pendant le Mois de la Science organis\u00e9 par le Conseil G\u00e9n\u00e9ral des Hauts de Seine, en dialogue avec Etienne Dhombres et \u00e0 propos des Math\u00e9matiques.<\/p>\n<p>Quoiqu&#8217;ayant pendant des d\u00e9cennies consacr\u00e9 beaucoup de temps \u00e0 mon activit\u00e9 professionnelle, j&#8217;ai eu le constant souci d&#8217;en garder pour ma vie personnelle, qu&#8217;il s&#8217;agisse de ma famille ou d&#8217;activit\u00e9s qui n&#8217;apparaissent secondaires qu&#8217;\u00e0 l&#8217;aune du temps qui y \u00e9tait d\u00e9volu &#8211; \u00e0 la pratique de la musique par exemple. Voir et faire grandir ses enfants, leur tenir la main sur le chemin de tous les apprentissages et se r\u00e9server un peu de temps pour ouvrir des parenth\u00e8ses afin de cultiver son propre jardin me paraissent constituer des \u00e9l\u00e9ments n\u00e9cessaires \u00e0 l&#8217;accomplissement de soi dans l&#8217;\u00e9quilibre et tendre ainsi &#8211; au sens des Math\u00e9matiques ! &#8211; vers la vie dont le projet a \u00e9t\u00e9 forg\u00e9 en r\u00eave.<\/p>\n<!-- AddThis Advanced Settings generic via filter on the_content --><!-- AddThis Share Buttons generic via filter on the_content -->","protected":false},"excerpt":{"rendered":"<p>Apr\u00e8s un parcours scolaire initialement orient\u00e9 vers les lettres (et une br\u00e8ve tentation vers la musique), je me suis dirig\u00e9 vers la fili\u00e8re scientifique et ai int\u00e9gr\u00e9 une \u00e9cole d&#8217;ing\u00e9nieur avant de bifurquer vers le monde universitaire. Entr\u00e9 \u00e0 l&#8217;universit\u00e9 en octobre 68, alors Universit\u00e9 Paris VI et aujourd&#8217;hui Universit\u00e9 Pierre et Marie Curie (UPMC), &hellip; <a href=\"https:\/\/blogs.futura-sciences.com\/aslangul\/qui-suis-je\/\" class=\"more-link\">Continuer la lecture de <span class=\"screen-reader-text\">Qui suis-je ?<\/span>  <span class=\"meta-nav\">&rarr;<\/span><\/a><!-- AddThis Advanced Settings generic via filter on get_the_excerpt --><!-- AddThis Share Buttons generic via filter on get_the_excerpt --><\/p>\n","protected":false},"author":1,"featured_media":0,"parent":0,"menu_order":0,"comment_status":"open","ping_status":"open","template":"","meta":{"footnotes":"","_links_to":"","_links_to_target":""},"class_list":["post-5","page","type-page","status-publish","hentry"],"yoast_head":"<!-- This site is optimized with the Yoast SEO plugin v24.1 - https:\/\/yoast.com\/wordpress\/plugins\/seo\/ -->\n<title>Qui suis-je ? - PHYSMATIQUES, le blog de Claude ASLANGUL, physicien th\u00e9oricien<\/title>\n<meta name=\"robots\" content=\"index, follow, max-snippet:-1, max-image-preview:large, max-video-preview:-1\" \/>\n<link rel=\"canonical\" href=\"https:\/\/blogs.futura-sciences.com\/aslangul\/qui-suis-je\/\" \/>\n<meta property=\"og:locale\" content=\"fr_FR\" \/>\n<meta property=\"og:type\" content=\"article\" \/>\n<meta property=\"og:title\" content=\"Qui suis-je ? - PHYSMATIQUES, le blog de Claude ASLANGUL, physicien th\u00e9oricien\" \/>\n<meta property=\"og:description\" content=\"Apr\u00e8s un parcours scolaire initialement orient\u00e9 vers les lettres (et une br\u00e8ve tentation vers la musique), je me suis dirig\u00e9 vers la fili\u00e8re scientifique et ai int\u00e9gr\u00e9 une \u00e9cole d&#8217;ing\u00e9nieur avant de bifurquer vers le monde universitaire. Entr\u00e9 \u00e0 l&#8217;universit\u00e9 en octobre 68, alors Universit\u00e9 Paris VI et aujourd&#8217;hui Universit\u00e9 Pierre et Marie Curie (UPMC), &hellip; Continuer la lecture de Qui suis-je ? &rarr;\" \/>\n<meta property=\"og:url\" content=\"https:\/\/blogs.futura-sciences.com\/aslangul\/qui-suis-je\/\" \/>\n<meta property=\"og:site_name\" content=\"PHYSMATIQUES, le blog de Claude ASLANGUL, physicien th\u00e9oricien\" \/>\n<meta property=\"article:modified_time\" content=\"2014-06-11T11:56:26+00:00\" \/>\n<meta property=\"og:image\" content=\"https:\/\/blogs.futura-sciences.com\/aslangul\/wp-content\/uploads\/sites\/10\/2013\/12\/ClaudeRochers-450x333.png\" \/>\n<meta name=\"twitter:card\" content=\"summary_large_image\" \/>\n<meta name=\"twitter:label1\" content=\"Dur\u00e9e de lecture estim\u00e9e\" \/>\n\t<meta name=\"twitter:data1\" content=\"3 minutes\" \/>\n<script type=\"application\/ld+json\" class=\"yoast-schema-graph\">{\"@context\":\"https:\/\/schema.org\",\"@graph\":[{\"@type\":\"WebPage\",\"@id\":\"https:\/\/blogs.futura-sciences.com\/aslangul\/qui-suis-je\/\",\"url\":\"https:\/\/blogs.futura-sciences.com\/aslangul\/qui-suis-je\/\",\"name\":\"Qui suis-je ? - PHYSMATIQUES, le blog de Claude ASLANGUL, physicien th\u00e9oricien\",\"isPartOf\":{\"@id\":\"https:\/\/blogs.futura-sciences.com\/aslangul\/#website\"},\"primaryImageOfPage\":{\"@id\":\"https:\/\/blogs.futura-sciences.com\/aslangul\/qui-suis-je\/#primaryimage\"},\"image\":{\"@id\":\"https:\/\/blogs.futura-sciences.com\/aslangul\/qui-suis-je\/#primaryimage\"},\"thumbnailUrl\":\"https:\/\/blogs.futura-sciences.com\/aslangul\/wp-content\/uploads\/sites\/10\/2013\/12\/ClaudeRochers-450x333.png\",\"datePublished\":\"2013-12-13T15:06:36+00:00\",\"dateModified\":\"2014-06-11T11:56:26+00:00\",\"inLanguage\":\"fr-FR\",\"potentialAction\":[{\"@type\":\"ReadAction\",\"target\":[\"https:\/\/blogs.futura-sciences.com\/aslangul\/qui-suis-je\/\"]}]},{\"@type\":\"ImageObject\",\"inLanguage\":\"fr-FR\",\"@id\":\"https:\/\/blogs.futura-sciences.com\/aslangul\/qui-suis-je\/#primaryimage\",\"url\":\"https:\/\/blogs.futura-sciences.com\/aslangul\/wp-content\/uploads\/sites\/10\/2013\/12\/ClaudeRochers.png\",\"contentUrl\":\"https:\/\/blogs.futura-sciences.com\/aslangul\/wp-content\/uploads\/sites\/10\/2013\/12\/ClaudeRochers.png\",\"width\":900,\"height\":666},{\"@type\":\"WebSite\",\"@id\":\"https:\/\/blogs.futura-sciences.com\/aslangul\/#website\",\"url\":\"https:\/\/blogs.futura-sciences.com\/aslangul\/\",\"name\":\"PHYSMATIQUES, le blog de Claude ASLANGUL, physicien th\u00e9oricien\",\"description\":\"&quot;Si la vie est complexe, c&#039;est parce qu&#039;elle a une partie r\u00e9elle et une partie imaginaire.&quot;  Sophus Lie\",\"potentialAction\":[{\"@type\":\"SearchAction\",\"target\":{\"@type\":\"EntryPoint\",\"urlTemplate\":\"https:\/\/blogs.futura-sciences.com\/aslangul\/?s={search_term_string}\"},\"query-input\":{\"@type\":\"PropertyValueSpecification\",\"valueRequired\":true,\"valueName\":\"search_term_string\"}}],\"inLanguage\":\"fr-FR\"}]}<\/script>\n<!-- \/ Yoast SEO plugin. -->","yoast_head_json":{"title":"Qui suis-je ? - PHYSMATIQUES, le blog de Claude ASLANGUL, physicien th\u00e9oricien","robots":{"index":"index","follow":"follow","max-snippet":"max-snippet:-1","max-image-preview":"max-image-preview:large","max-video-preview":"max-video-preview:-1"},"canonical":"https:\/\/blogs.futura-sciences.com\/aslangul\/qui-suis-je\/","og_locale":"fr_FR","og_type":"article","og_title":"Qui suis-je ? - PHYSMATIQUES, le blog de Claude ASLANGUL, physicien th\u00e9oricien","og_description":"Apr\u00e8s un parcours scolaire initialement orient\u00e9 vers les lettres (et une br\u00e8ve tentation vers la musique), je me suis dirig\u00e9 vers la fili\u00e8re scientifique et ai int\u00e9gr\u00e9 une \u00e9cole d&#8217;ing\u00e9nieur avant de bifurquer vers le monde universitaire. Entr\u00e9 \u00e0 l&#8217;universit\u00e9 en octobre 68, alors Universit\u00e9 Paris VI et aujourd&#8217;hui Universit\u00e9 Pierre et Marie Curie (UPMC), &hellip; Continuer la lecture de Qui suis-je ? &rarr;","og_url":"https:\/\/blogs.futura-sciences.com\/aslangul\/qui-suis-je\/","og_site_name":"PHYSMATIQUES, le blog de Claude ASLANGUL, physicien th\u00e9oricien","article_modified_time":"2014-06-11T11:56:26+00:00","og_image":[{"url":"https:\/\/blogs.futura-sciences.com\/aslangul\/wp-content\/uploads\/sites\/10\/2013\/12\/ClaudeRochers-450x333.png","type":"","width":"","height":""}],"twitter_card":"summary_large_image","twitter_misc":{"Dur\u00e9e de lecture estim\u00e9e":"3 minutes"},"schema":{"@context":"https:\/\/schema.org","@graph":[{"@type":"WebPage","@id":"https:\/\/blogs.futura-sciences.com\/aslangul\/qui-suis-je\/","url":"https:\/\/blogs.futura-sciences.com\/aslangul\/qui-suis-je\/","name":"Qui suis-je ? - PHYSMATIQUES, le blog de Claude ASLANGUL, physicien th\u00e9oricien","isPartOf":{"@id":"https:\/\/blogs.futura-sciences.com\/aslangul\/#website"},"primaryImageOfPage":{"@id":"https:\/\/blogs.futura-sciences.com\/aslangul\/qui-suis-je\/#primaryimage"},"image":{"@id":"https:\/\/blogs.futura-sciences.com\/aslangul\/qui-suis-je\/#primaryimage"},"thumbnailUrl":"https:\/\/blogs.futura-sciences.com\/aslangul\/wp-content\/uploads\/sites\/10\/2013\/12\/ClaudeRochers-450x333.png","datePublished":"2013-12-13T15:06:36+00:00","dateModified":"2014-06-11T11:56:26+00:00","inLanguage":"fr-FR","potentialAction":[{"@type":"ReadAction","target":["https:\/\/blogs.futura-sciences.com\/aslangul\/qui-suis-je\/"]}]},{"@type":"ImageObject","inLanguage":"fr-FR","@id":"https:\/\/blogs.futura-sciences.com\/aslangul\/qui-suis-je\/#primaryimage","url":"https:\/\/blogs.futura-sciences.com\/aslangul\/wp-content\/uploads\/sites\/10\/2013\/12\/ClaudeRochers.png","contentUrl":"https:\/\/blogs.futura-sciences.com\/aslangul\/wp-content\/uploads\/sites\/10\/2013\/12\/ClaudeRochers.png","width":900,"height":666},{"@type":"WebSite","@id":"https:\/\/blogs.futura-sciences.com\/aslangul\/#website","url":"https:\/\/blogs.futura-sciences.com\/aslangul\/","name":"PHYSMATIQUES, le blog de Claude ASLANGUL, physicien th\u00e9oricien","description":"&quot;Si la vie est complexe, c&#039;est parce qu&#039;elle a une partie r\u00e9elle et une partie imaginaire.&quot;  Sophus Lie","potentialAction":[{"@type":"SearchAction","target":{"@type":"EntryPoint","urlTemplate":"https:\/\/blogs.futura-sciences.com\/aslangul\/?s={search_term_string}"},"query-input":{"@type":"PropertyValueSpecification","valueRequired":true,"valueName":"search_term_string"}}],"inLanguage":"fr-FR"}]}},"_links":{"self":[{"href":"https:\/\/blogs.futura-sciences.com\/aslangul\/wp-json\/wp\/v2\/pages\/5","targetHints":{"allow":["GET"]}}],"collection":[{"href":"https:\/\/blogs.futura-sciences.com\/aslangul\/wp-json\/wp\/v2\/pages"}],"about":[{"href":"https:\/\/blogs.futura-sciences.com\/aslangul\/wp-json\/wp\/v2\/types\/page"}],"author":[{"embeddable":true,"href":"https:\/\/blogs.futura-sciences.com\/aslangul\/wp-json\/wp\/v2\/users\/1"}],"replies":[{"embeddable":true,"href":"https:\/\/blogs.futura-sciences.com\/aslangul\/wp-json\/wp\/v2\/comments?post=5"}],"version-history":[{"count":7,"href":"https:\/\/blogs.futura-sciences.com\/aslangul\/wp-json\/wp\/v2\/pages\/5\/revisions"}],"predecessor-version":[{"id":349,"href":"https:\/\/blogs.futura-sciences.com\/aslangul\/wp-json\/wp\/v2\/pages\/5\/revisions\/349"}],"wp:attachment":[{"href":"https:\/\/blogs.futura-sciences.com\/aslangul\/wp-json\/wp\/v2\/media?parent=5"}],"curies":[{"name":"wp","href":"https:\/\/api.w.org\/{rel}","templated":true}]}}